CRAN Package Check Results for Package bridger2

Last updated on 2021-09-21 16:51:10 CEST.

Flavor Version Tinstall Tcheck Ttotal Status Flags
r-devel-linux-x86_64-debian-clang 0.1.0 9.30 104.84 114.14 OK
r-devel-linux-x86_64-debian-gcc 0.1.0 6.51 75.80 82.31 OK
r-devel-linux-x86_64-fedora-clang 0.1.0 138.28 OK
r-devel-linux-x86_64-fedora-gcc 0.1.0 128.88 OK
r-devel-windows-x86_64 0.1.0 11.00 98.00 109.00 OK
r-devel-windows-x86_64-gcc10-UCRT 0.1.0 ERROR
r-patched-linux-x86_64 0.1.0 9.28 97.32 106.60 OK
r-patched-solaris-x86 0.1.0 164.60 OK
r-release-linux-x86_64 0.1.0 9.23 96.67 105.90 OK
r-release-macos-arm64 0.1.0 OK
r-release-macos-x86_64 0.1.0 OK
r-release-windows-ix86+x86_64 0.1.0 20.00 100.00 120.00 OK
r-oldrel-macos-x86_64 0.1.0 OK
r-oldrel-windows-ix86+x86_64 0.1.0 20.00 95.00 115.00 OK

Check Details

Version: 0.1.0
Check: whether package can be installed
Result: WARN
    Found the following significant warnings:
     WARNING: installation-time patches will not be applied, could not get the patches index
Flavor: r-devel-windows-x86_64-gcc10-UCRT

Version: 0.1.0
Check: PDF version of manual
Result: WARN
    LaTeX errors when creating PDF version.
    This typically indicates Rd problems.
Flavor: r-devel-windows-x86_64-gcc10-UCRT

Version: 0.1.0
Check: PDF version of manual without hyperrefs or index
Result: ERROR
    Re-running with no redirection of stdout/stderr.
Flavor: r-devel-windows-x86_64-gcc10-UCRT