CRAN Package Check Results for Package breathtestcore

Last updated on 2021-07-24 07:49:20 CEST.

Flavor Version Tinstall Tcheck Ttotal Status Flags
r-devel-linux-x86_64-debian-clang 0.8.1 11.31 192.51 203.82 OK
r-devel-linux-x86_64-debian-gcc 0.8.1 10.69 141.87 152.56 OK
r-devel-linux-x86_64-fedora-clang 0.8.1 249.90 NOTE
r-devel-linux-x86_64-fedora-gcc 0.8.1 236.07 NOTE
r-devel-windows-x86_64 0.8.1 14.00 162.00 176.00 OK
r-devel-windows-x86_64-gcc10-UCRT 0.8.1 OK
r-patched-linux-x86_64 0.8.1 14.64 177.27 191.91 OK
r-patched-solaris-x86 0.8.1 323.80 OK
r-release-linux-x86_64 0.8.1 12.18 180.92 193.10 OK
r-release-macos-arm64 0.8.1 OK
r-release-macos-x86_64 0.8.1 OK
r-release-windows-ix86+x86_64 0.8.1 28.00 163.00 191.00 OK
r-oldrel-macos-x86_64 0.8.1 OK
r-oldrel-windows-ix86+x86_64 0.8.1 33.00 210.00 243.00 OK

Check Details

Version: 0.8.1
Check: package dependencies
Result: NOTE
    Package suggested but not available for checking: ‘breathteststan’
Flavors: r-devel-linux-x86_64-fedora-clang, r-devel-linux-x86_64-fedora-gcc

Version: 0.8.1
Check: Rd cross-references
Result: NOTE
    Undeclared package ‘generics’ in Rd xrefs
Flavor: r-devel-linux-x86_64-fedora-clang