CRAN Package Check Results for Package breakDown

Last updated on 2021-09-20 04:58:00 CEST.

Flavor Version Tinstall Tcheck Ttotal Status Flags
r-devel-linux-x86_64-debian-clang 0.2.1 5.31 300.34 305.65 OK
r-devel-linux-x86_64-debian-gcc 0.2.1 4.06 229.34 233.40 OK
r-devel-linux-x86_64-fedora-clang 0.2.1 378.51 OK
r-devel-linux-x86_64-fedora-gcc 0.2.1 366.24 OK
r-devel-windows-x86_64 0.2.1 8.00 395.00 403.00 OK
r-devel-windows-x86_64-gcc10-UCRT 0.2.1 ERROR
r-patched-linux-x86_64 0.2.1 4.65 288.52 293.17 OK
r-patched-solaris-x86 0.2.1 792.10 OK
r-release-linux-x86_64 0.2.1 4.85 299.16 304.01 OK
r-release-macos-arm64 0.2.1 OK
r-release-macos-x86_64 0.2.1 OK
r-release-windows-ix86+x86_64 0.2.1 13.00 420.00 433.00 OK
r-oldrel-macos-x86_64 0.2.1 OK
r-oldrel-windows-ix86+x86_64 0.2.1 14.00 482.00 496.00 OK

Check Details

Version: 0.2.1
Check: whether package can be installed
Result: WARN
    Found the following significant warnings:
     WARNING: installation-time patches will not be applied, could not get the patches index
Flavor: r-devel-windows-x86_64-gcc10-UCRT

Version: 0.2.1
Check: PDF version of manual
Result: WARN
    LaTeX errors when creating PDF version.
    This typically indicates Rd problems.
Flavor: r-devel-windows-x86_64-gcc10-UCRT

Version: 0.2.1
Check: PDF version of manual without hyperrefs or index
Result: ERROR
    Re-running with no redirection of stdout/stderr.
Flavor: r-devel-windows-x86_64-gcc10-UCRT