CRAN Package Check Results for Package bpr

Last updated on 2022-01-23 00:57:06 CET.

Flavor Version Tinstall Tcheck Ttotal Status Flags
r-devel-linux-x86_64-debian-clang 1.0.4 132.01 48.65 180.66 OK
r-devel-linux-x86_64-debian-gcc 1.0.4 98.77 37.04 135.81 OK
r-devel-linux-x86_64-fedora-clang 1.0.4 281.93 NOTE
r-devel-linux-x86_64-fedora-gcc 1.0.4 239.34 OK
r-devel-windows-x86_64-new-UL 1.0.4 118.00 95.00 213.00 OK
r-devel-windows-x86_64-new-TK 1.0.4 OK
r-patched-linux-x86_64 1.0.4 119.07 46.87 165.94 OK
r-release-linux-x86_64 1.0.4 123.23 46.26 169.49 OK
r-release-macos-arm64 1.0.4 NOTE
r-release-macos-x86_64 1.0.4 OK
r-release-windows-ix86+x86_64 1.0.4 342.00 102.00 444.00 OK
r-oldrel-macos-x86_64 1.0.4 OK
r-oldrel-windows-ix86+x86_64 1.0.4 339.00 104.00 443.00 OK

Check Details

Version: 1.0.4
Check: installed package size
Result: NOTE
     installed size is 5.1Mb
     sub-directories of 1Mb or more:
     libs 4.9Mb
Flavors: r-devel-linux-x86_64-fedora-clang, r-release-macos-arm64