CRAN Package Check Results for Package boxr

Last updated on 2021-07-30 19:50:01 CEST.

Flavor Version Tinstall Tcheck Ttotal Status Flags
r-devel-linux-x86_64-debian-clang 0.3.6 OK
r-devel-linux-x86_64-debian-gcc 0.3.6 4.93 43.08 48.01 OK
r-devel-linux-x86_64-fedora-clang 0.3.6 83.60 NOTE
r-devel-linux-x86_64-fedora-gcc 0.3.6 75.05 OK
r-devel-windows-x86_64 0.3.6 20.00 80.00 100.00 OK
r-devel-windows-x86_64-gcc10-UCRT 0.3.6 OK
r-patched-linux-x86_64 0.3.6 OK
r-patched-solaris-x86 0.3.6 100.60 OK
r-release-linux-x86_64 0.3.6 6.46 53.54 60.00 OK
r-release-macos-arm64 0.3.6 OK
r-release-macos-x86_64 0.3.6 OK
r-release-windows-ix86+x86_64 0.3.6 12.00 74.00 86.00 OK
r-oldrel-macos-x86_64 0.3.6 OK
r-oldrel-windows-ix86+x86_64 0.3.6 16.00 81.00 97.00 OK

Check Details

Version: 0.3.6
Check: Rd cross-references
Result: NOTE
    Undeclared packages ‘data.table’, ‘readxl’, ‘openxlsx’ in Rd xrefs
Flavor: r-devel-linux-x86_64-fedora-clang