CRAN Package Check Results for Package bootUR

Last updated on 2022-07-06 17:48:59 CEST.

Flavor Version Tinstall Tcheck Ttotal Status Flags
r-devel-linux-x86_64-debian-clang 0.4.2 52.48 103.58 156.06 NOTE
r-devel-linux-x86_64-debian-gcc 0.4.2 45.54 77.48 123.02 NOTE
r-devel-linux-x86_64-fedora-clang 0.4.2 223.95 NOTE
r-devel-linux-x86_64-fedora-gcc 0.4.2 212.44 NOTE
r-devel-windows-x86_64 0.4.2 59.00 187.00 246.00 NOTE
r-patched-linux-x86_64 0.4.2 45.56 107.55 153.11 NOTE
r-release-linux-x86_64 0.4.2 47.20 106.88 154.08 NOTE
r-release-macos-arm64 0.4.2 58.00 NOTE
r-release-macos-x86_64 0.4.2 74.00 NOTE
r-release-windows-x86_64 0.4.2 57.00 189.00 246.00 NOTE
r-oldrel-macos-arm64 0.4.2 82.00 NOTE
r-oldrel-macos-x86_64 0.4.2 86.00 NOTE
r-oldrel-windows-ix86+x86_64 0.4.2 125.00 208.00 333.00 NOTE

Check Details

Version: 0.4.2
Check: for GNU extensions in Makefiles
Result: NOTE
    GNU make is a SystemRequirements.
Flavors: r-devel-linux-x86_64-debian-clang, r-devel-linux-x86_64-debian-gcc, r-devel-linux-x86_64-fedora-clang, r-devel-linux-x86_64-fedora-gcc, r-devel-windows-x86_64, r-patched-linux-x86_64, r-release-linux-x86_64, r-release-macos-arm64, r-release-macos-x86_64, r-release-windows-x86_64, r-oldrel-macos-arm64, r-oldrel-macos-x86_64, r-oldrel-windows-ix86+x86_64

Version: 0.4.2
Check: installed package size
Result: NOTE
     installed size is 5.3Mb
     sub-directories of 1Mb or more:
     libs 4.9Mb
Flavors: r-release-macos-arm64, r-release-macos-x86_64, r-oldrel-macos-arm64, r-oldrel-macos-x86_64