Last updated on 2023-02-09 03:56:04 CET.
Flavor | Version | Tinstall | Tcheck | Ttotal | Status | Flags |
---|---|---|---|---|---|---|
r-devel-linux-x86_64-debian-clang | 0.5.0 | 52.38 | 104.67 | 157.05 | NOTE | |
r-devel-linux-x86_64-debian-gcc | 0.5.0 | 44.24 | 77.77 | 122.01 | NOTE | |
r-devel-linux-x86_64-fedora-clang | 0.5.0 | 209.98 | NOTE | |||
r-devel-linux-x86_64-fedora-gcc | 0.5.0 | 219.03 | NOTE | |||
r-devel-windows-x86_64 | 0.5.0 | 64.00 | 186.00 | 250.00 | NOTE | |
r-patched-linux-x86_64 | 0.5.0 | 46.30 | 100.57 | 146.87 | NOTE | |
r-release-linux-x86_64 | 0.5.0 | 45.93 | 103.86 | 149.79 | NOTE | |
r-release-macos-arm64 | 0.5.0 | 61.00 | NOTE | |||
r-release-macos-x86_64 | 0.5.0 | 77.00 | NOTE | |||
r-release-windows-x86_64 | 0.5.0 | 63.00 | 194.00 | 257.00 | NOTE | |
r-oldrel-macos-arm64 | 0.5.0 | 56.00 | NOTE | |||
r-oldrel-macos-x86_64 | 0.5.0 | 76.00 | NOTE | |||
r-oldrel-windows-ix86+x86_64 | 0.5.0 | 128.00 | 207.00 | 335.00 | NOTE |
Version: 0.5.0
Check: C++ specification
Result: NOTE
Specified C++11: please update to current default of C++17
Flavor: r-devel-linux-x86_64-debian-clang
Version: 0.5.0
Check: for GNU extensions in Makefiles
Result: NOTE
GNU make is a SystemRequirements.
Flavors: r-devel-linux-x86_64-debian-clang, r-devel-linux-x86_64-debian-gcc, r-devel-linux-x86_64-fedora-clang, r-devel-linux-x86_64-fedora-gcc, r-devel-windows-x86_64, r-patched-linux-x86_64, r-release-linux-x86_64, r-release-macos-arm64, r-release-macos-x86_64, r-release-windows-x86_64, r-oldrel-macos-arm64, r-oldrel-macos-x86_64, r-oldrel-windows-ix86+x86_64
Version: 0.5.0
Check: C++ specification
Result: NOTE
Specified C++11: please drop specification unless essential
Flavors: r-devel-linux-x86_64-debian-gcc, r-devel-linux-x86_64-fedora-clang, r-devel-linux-x86_64-fedora-gcc, r-devel-windows-x86_64
Version: 0.5.0
Check: installed package size
Result: NOTE
installed size is 5.4Mb
sub-directories of 1Mb or more:
libs 5.0Mb
Flavors: r-release-macos-arm64, r-release-macos-x86_64, r-oldrel-macos-arm64, r-oldrel-macos-x86_64