Last updated on 2022-08-14 09:52:01 CEST.
Flavor | Version | Tinstall | Tcheck | Ttotal | Status | Flags |
---|---|---|---|---|---|---|
r-devel-linux-x86_64-debian-clang | 1.1 | 38.19 | 64.33 | 102.52 | OK | |
r-devel-linux-x86_64-debian-gcc | 1.1 | 32.43 | 47.53 | 79.96 | OK | |
r-devel-linux-x86_64-fedora-clang | 1.1 | 142.92 | NOTE | |||
r-devel-linux-x86_64-fedora-gcc | 1.1 | 134.94 | NOTE | |||
r-devel-windows-x86_64 | 1.1 | 39.00 | 104.00 | 143.00 | OK | |
r-patched-linux-x86_64 | 1.1 | 32.07 | 59.23 | 91.30 | OK | |
r-release-linux-x86_64 | 1.1 | 34.94 | 58.62 | 93.56 | OK | |
r-release-macos-arm64 | 1.1 | 38.00 | NOTE | |||
r-release-macos-x86_64 | 1.1 | 51.00 | NOTE | |||
r-release-windows-x86_64 | 1.1 | 42.00 | 105.00 | 147.00 | OK | |
r-oldrel-macos-arm64 | 1.1 | 36.00 | NOTE | |||
r-oldrel-macos-x86_64 | 1.1 | 50.00 | NOTE | |||
r-oldrel-windows-ix86+x86_64 | 1.1 | 96.00 | 112.00 | 208.00 | OK |
Version: 1.1
Check: dependencies in R code
Result: NOTE
Namespace in Imports field not imported from: ‘usethis’
All declared Imports should be used.
Flavors: r-devel-linux-x86_64-fedora-clang, r-devel-linux-x86_64-fedora-gcc, r-release-macos-arm64, r-release-macos-x86_64, r-oldrel-macos-arm64, r-oldrel-macos-x86_64