CRAN Package Check Results for Package bold

Last updated on 2021-08-01 19:51:19 CEST.

Flavor Version Tinstall Tcheck Ttotal Status Flags
r-devel-linux-x86_64-debian-clang 1.2.0 5.00 67.93 72.93 OK
r-devel-linux-x86_64-debian-gcc 1.2.0 3.51 54.68 58.19 OK
r-devel-linux-x86_64-fedora-clang 1.2.0 99.50 OK
r-devel-linux-x86_64-fedora-gcc 1.2.0 87.43 OK
r-devel-windows-x86_64 1.2.0 5.00 90.00 95.00 OK
r-devel-windows-x86_64-gcc10-UCRT 1.2.0 OK
r-patched-linux-x86_64 1.2.0 OK
r-patched-solaris-x86 1.2.0 131.50 OK
r-release-linux-x86_64 1.2.0 4.82 68.25 73.07 OK
r-release-macos-arm64 1.2.0 NOTE
r-release-macos-x86_64 1.2.0 NOTE
r-release-windows-ix86+x86_64 1.2.0 10.00 91.00 101.00 OK
r-oldrel-macos-x86_64 1.2.0 NOTE
r-oldrel-windows-ix86+x86_64 1.2.0 7.00 89.00 96.00 OK

Check Details

Version: 1.2.0
Check: package dependencies
Result: NOTE
    Package suggested but not available for checking: ‘sangerseqR’
Flavors: r-release-macos-arm64, r-release-macos-x86_64, r-oldrel-macos-x86_64