Last updated on 2023-03-30 05:49:04 CEST.
Flavor | Version | Tinstall | Tcheck | Ttotal | Status | Flags |
---|---|---|---|---|---|---|
r-devel-linux-x86_64-debian-clang | 0.3.0 | 3.71 | 42.56 | 46.27 | OK | |
r-devel-linux-x86_64-debian-gcc | 0.3.0 | 2.62 | 31.99 | 34.61 | OK | |
r-devel-linux-x86_64-fedora-clang | 0.3.0 | 59.23 | NOTE | |||
r-devel-linux-x86_64-fedora-gcc | 0.3.0 | 56.86 | NOTE | |||
r-devel-windows-x86_64 | 0.3.0 | 25.00 | 0.00 | 25.00 | OK | |
r-patched-linux-x86_64 | 0.3.0 | 3.81 | 40.53 | 44.34 | OK | |
r-release-linux-x86_64 | 0.3.0 | 2.61 | 41.51 | 44.12 | OK | |
r-release-macos-arm64 | 0.3.0 | 22.00 | NOTE | |||
r-release-macos-x86_64 | 0.3.0 | 36.00 | NOTE | |||
r-release-windows-x86_64 | 0.3.0 | 18.00 | 74.00 | 92.00 | OK | |
r-oldrel-macos-arm64 | 0.3.0 | 22.00 | OK | |||
r-oldrel-macos-x86_64 | 0.3.0 | 34.00 | NOTE | |||
r-oldrel-windows-ix86+x86_64 | 0.3.0 | 10.00 | 68.00 | 78.00 | OK |
Version: 0.3.0
Check: dependencies in R code
Result: NOTE
Namespaces in Imports field not imported from:
‘Rgraphviz’ ‘fastDummies’
All declared Imports should be used.
Flavors: r-devel-linux-x86_64-fedora-clang, r-devel-linux-x86_64-fedora-gcc, r-release-macos-arm64, r-release-macos-x86_64, r-oldrel-macos-x86_64