CRAN Package Check Results for Package bnlearn

Last updated on 2021-08-05 20:05:44 CEST.

Flavor Version Tinstall Tcheck Ttotal Status Flags
r-devel-linux-x86_64-debian-clang 4.6.1 54.48 103.86 158.34 OK
r-devel-linux-x86_64-debian-gcc 4.6.1 32.85 77.27 110.12 OK
r-devel-linux-x86_64-fedora-clang 4.6.1 190.45 OK
r-devel-linux-x86_64-fedora-gcc 4.6.1 176.69 OK
r-devel-windows-x86_64 4.6.1 82.00 127.00 209.00 OK
r-devel-windows-x86_64-gcc10-UCRT 4.6.1 OK
r-patched-linux-x86_64 4.6.1 46.76 100.08 146.84 OK
r-patched-solaris-x86 4.6.1 233.90 OK
r-release-linux-x86_64 4.6.1 43.26 99.78 143.04 OK
r-release-macos-arm64 4.6.1 NOTE
r-release-macos-x86_64 4.6.1 OK
r-release-windows-ix86+x86_64 4.6.1 139.00 109.00 248.00 OK
r-oldrel-macos-x86_64 4.6.1 OK
r-oldrel-windows-ix86+x86_64 4.6.1 119.00 138.00 257.00 OK

Check Details

Version: 4.6.1
Check: package dependencies
Result: NOTE
    Package suggested but not available for checking: ‘gRain’
Flavor: r-release-macos-arm64