CRAN Package Check Results for Package bndovb

Last updated on 2021-12-09 11:51:24 CET.

Flavor Version Tinstall Tcheck Ttotal Status Flags
r-devel-linux-x86_64-debian-clang 1.1 17.78 150.64 168.42 OK
r-devel-linux-x86_64-debian-gcc 1.1 10.99 113.50 124.49 OK
r-devel-linux-x86_64-fedora-clang 1.1 208.35 NOTE
r-devel-linux-x86_64-fedora-gcc 1.1 192.01 NOTE
r-devel-windows-x86_64-new-UL 1.1 28.00 184.00 212.00 OK
r-devel-windows-x86_64-new-TK 1.1 NOTE
r-devel-windows-x86_64-old 1.1 25.00 174.00 199.00 OK
r-patched-linux-x86_64 1.1 14.42 142.30 156.72 OK
r-release-linux-x86_64 1.1 13.52 143.14 156.66 OK
r-release-macos-arm64 1.1 NOTE
r-release-macos-x86_64 1.1 NOTE
r-release-windows-ix86+x86_64 1.1 26.00 160.00 186.00 OK
r-oldrel-macos-x86_64 1.1 NOTE
r-oldrel-windows-ix86+x86_64 1.1 39.00 174.00 213.00 OK

Check Details

Version: 1.1
Check: dependencies in R code
Result: NOTE
    Namespace in Imports field not imported from: ‘dplyr’
     All declared Imports should be used.
Flavors: r-devel-linux-x86_64-fedora-clang, r-devel-linux-x86_64-fedora-gcc, r-devel-windows-x86_64-new-TK, r-release-macos-arm64, r-release-macos-x86_64, r-oldrel-macos-x86_64