CRAN Package Check Results for Package bmrm

Last updated on 2021-09-21 16:51:10 CEST.

Flavor Version Tinstall Tcheck Ttotal Status Flags
r-devel-linux-x86_64-debian-clang 4.1 24.71 42.68 67.39 OK
r-devel-linux-x86_64-debian-gcc 4.1 14.77 33.18 47.95 OK
r-devel-linux-x86_64-fedora-clang 4.1 92.79 OK
r-devel-linux-x86_64-fedora-gcc 4.1 62.39 OK
r-devel-windows-x86_64 4.1 22.00 55.00 77.00 OK
r-devel-windows-x86_64-gcc10-UCRT 4.1 ERROR
r-patched-linux-x86_64 4.1 17.56 39.55 57.11 OK
r-patched-solaris-x86 4.1 95.70 OK
r-release-linux-x86_64 4.1 19.37 39.55 58.92 OK
r-release-macos-arm64 4.1 OK
r-release-macos-x86_64 4.1 OK
r-release-windows-ix86+x86_64 4.1 50.00 72.00 122.00 OK
r-oldrel-macos-x86_64 4.1 OK
r-oldrel-windows-ix86+x86_64 4.1 48.00 85.00 133.00 OK

Check Details

Version: 4.1
Check: whether package can be installed
Result: ERROR
    Installation failed.
Flavor: r-devel-windows-x86_64-gcc10-UCRT