CRAN Package Check Results for Package bmgarch

Last updated on 2021-12-01 23:51:32 CET.

Flavor Version Tinstall Tcheck Ttotal Status Flags
r-devel-linux-x86_64-debian-clang 1.0.1 1077.65 148.79 1226.44 NOTE
r-devel-linux-x86_64-debian-gcc 1.0.1 864.00 147.72 1011.72 NOTE
r-devel-linux-x86_64-fedora-clang 1.0.1 1869.63 NOTE
r-devel-linux-x86_64-fedora-gcc 1.0.1 1874.29 NOTE
r-devel-windows-x86_64-new-UL 1.0.1 1089.00 400.00 1489.00 NOTE
r-devel-windows-x86_64-new-TK 1.0.1 NOTE
r-devel-windows-x86_64-old 1.0.1 1093.00 271.00 1364.00 NOTE
r-patched-linux-x86_64 1.0.1 794.09 183.01 977.10 NOTE
r-patched-solaris-x86 1.0.1 1540.90 NOTE
r-release-linux-x86_64 1.0.1 911.07 182.73 1093.80 NOTE
r-release-macos-arm64 1.0.1 NOTE
r-release-macos-x86_64 1.0.1 NOTE
r-release-windows-ix86+x86_64 1.0.1 1739.00 8.00 1747.00 ERROR
r-oldrel-macos-x86_64 1.0.0 ERROR
r-oldrel-windows-ix86+x86_64 1.0.0 1870.00 343.00 2213.00 NOTE

Check Details

Version: 1.0.1
Check: for GNU extensions in Makefiles
Result: NOTE
    GNU make is a SystemRequirements.
Flavors: r-devel-linux-x86_64-debian-clang, r-devel-linux-x86_64-debian-gcc, r-devel-linux-x86_64-fedora-clang, r-devel-linux-x86_64-fedora-gcc, r-devel-windows-x86_64-new-UL, r-devel-windows-x86_64-new-TK, r-devel-windows-x86_64-old, r-patched-linux-x86_64, r-patched-solaris-x86, r-release-linux-x86_64, r-release-macos-arm64, r-release-macos-x86_64

Version: 1.0.1
Check: installed package size
Result: NOTE
     installed size is 153.0Mb
     sub-directories of 1Mb or more:
     libs 152.3Mb
Flavors: r-devel-linux-x86_64-fedora-clang, r-devel-windows-x86_64-new-UL, r-devel-windows-x86_64-old, r-patched-solaris-x86, r-release-macos-arm64, r-release-macos-x86_64

Version: 1.0.1
Check: line endings in C/C++/Fortran sources/headers
Result: NOTE
    Found the following sources/headers with CR or CRLF line endings:
     src/stan_files/BEKKMGARCH.hpp
     src/stan_files/CCCMGARCH.hpp
     src/stan_files/DCCMGARCH.hpp
     src/stan_files/forecastBEKK.hpp
     src/stan_files/forecastCCC.hpp
     src/stan_files/forecastDCC.hpp
     src/stan_files/pdBEKKMGARCH.hpp
    Some Unix compilers require LF line endings.
Flavor: r-devel-windows-x86_64-new-TK

Version: 1.0.1
Check: whether package can be installed
Result: ERROR
    Installation failed.
Flavor: r-release-windows-ix86+x86_64

Version: 1.0.0
Check: package dependencies
Result: ERROR
    Package required and available but unsuitable version: ‘rstan’
    
    See section ‘The DESCRIPTION file’ in the ‘Writing R Extensions’
    manual.
Flavor: r-oldrel-macos-x86_64

Version: 1.0.0
Check: installed package size
Result: NOTE
     installed size is 14.0Mb
     sub-directories of 1Mb or more:
     libs 13.4Mb
Flavor: r-oldrel-windows-ix86+x86_64

Version: 1.0.0
Check: for GNU extensions in Makefiles
Result: NOTE
    GNU make is a SystemRequirements.
Flavor: r-oldrel-windows-ix86+x86_64