CRAN Package Check Results for Package blockmodels

Last updated on 2021-09-26 16:49:07 CEST.

Flavor Version Tinstall Tcheck Ttotal Status Flags
r-devel-linux-x86_64-debian-clang 1.1.4 112.61 61.79 174.40 OK
r-devel-linux-x86_64-debian-gcc 1.1.4 66.49 46.91 113.40 OK
r-devel-linux-x86_64-fedora-clang 1.1.4 235.88 NOTE
r-devel-linux-x86_64-fedora-gcc 1.1.4 200.64 OK
r-devel-windows-x86_64 1.1.4 86.00 68.00 154.00 OK
r-devel-windows-x86_64-gcc10-UCRT 1.1.4 OK
r-patched-linux-x86_64 1.1.4 74.77 58.66 133.43 OK
r-patched-solaris-x86 1.1.4 214.50 OK
r-release-linux-x86_64 1.1.4 72.19 58.85 131.04 OK
r-release-macos-arm64 1.1.4 NOTE
r-release-macos-x86_64 1.1.4 NOTE
r-release-windows-ix86+x86_64 1.1.4 203.00 106.00 309.00 NOTE
r-oldrel-macos-x86_64 1.1.4 NOTE
r-oldrel-windows-ix86+x86_64 1.1.4 152.00 99.00 251.00 NOTE

Check Details

Version: 1.1.4
Check: installed package size
Result: NOTE
     installed size is 11.8Mb
     sub-directories of 1Mb or more:
     libs 11.3Mb
Flavors: r-devel-linux-x86_64-fedora-clang, r-release-macos-arm64, r-release-macos-x86_64, r-release-windows-ix86+x86_64, r-oldrel-macos-x86_64, r-oldrel-windows-ix86+x86_64