CRAN Package Check Results for Package blockTools

Last updated on 2024-06-18 17:49:03 CEST.

Flavor Version Tinstall Tcheck Ttotal Status Flags
r-devel-linux-x86_64-debian-clang 0.6.4 9.30 70.50 79.80 OK
r-devel-linux-x86_64-debian-gcc 0.6.4 7.73 51.80 59.53 OK
r-devel-linux-x86_64-fedora-clang 0.6.4 99.51 NOTE
r-devel-linux-x86_64-fedora-gcc 0.6.4 99.31 NOTE
r-devel-windows-x86_64 0.6.4 13.00 72.00 85.00 OK
r-patched-linux-x86_64 0.6.4 10.37 66.37 76.74 OK
r-release-linux-x86_64 0.6.4 9.87 67.50 77.37 OK
r-release-macos-arm64 0.6.4 32.00 OK
r-release-macos-x86_64 0.6.4 45.00 OK
r-release-windows-x86_64 0.6.4 12.00 71.00 83.00 OK
r-oldrel-macos-arm64 0.6.4 33.00 OK
r-oldrel-macos-x86_64 0.6.4 49.00 OK
r-oldrel-windows-x86_64 0.6.4 14.00 86.00 100.00 OK

Check Details

Version: 0.6.4
Check: compiled code
Result: NOTE File ‘blockTools/libs/blockTools.so’: Found no calls to: ‘R_registerRoutines’, ‘R_useDynamicSymbols’ It is good practice to register native routines and to disable symbol search. See ‘Writing portable packages’ in the ‘Writing R Extensions’ manual. Flavors: r-devel-linux-x86_64-fedora-clang, r-devel-linux-x86_64-fedora-gcc