Last updated on 2023-09-30 14:51:07 CEST.
Flavor | Version | Tinstall | Tcheck | Ttotal | Status | Flags |
---|---|---|---|---|---|---|
r-devel-linux-x86_64-debian-clang | 0.6.4 | 10.07 | 72.03 | 82.10 | OK | |
r-devel-linux-x86_64-debian-gcc | 0.6.4 | 7.83 | 52.60 | 60.43 | OK | |
r-devel-linux-x86_64-fedora-clang | 0.6.4 | 98.86 | NOTE | |||
r-devel-linux-x86_64-fedora-gcc | 0.6.4 | 96.28 | NOTE | |||
r-devel-windows-x86_64 | 0.6.4 | 13.00 | 73.00 | 86.00 | OK | |
r-patched-linux-x86_64 | 0.6.4 | 9.19 | 69.12 | 78.31 | OK | |
r-release-linux-x86_64 | 0.6.4 | 8.91 | 69.35 | 78.26 | OK | |
r-release-macos-arm64 | 0.6.4 | 33.00 | OK | |||
r-release-macos-x86_64 | 0.6.4 | 49.00 | OK | |||
r-release-windows-x86_64 | 0.6.4 | 16.00 | 86.00 | 102.00 | OK | |
r-oldrel-macos-arm64 | 0.6.4 | 32.00 | OK | |||
r-oldrel-macos-x86_64 | 0.6.4 | 43.00 | OK | |||
r-oldrel-windows-x86_64 | 0.6.4 | 17.00 | 89.00 | 106.00 | OK |
Version: 0.6.4
Check: compiled code
Result: NOTE
File ‘blockTools/libs/blockTools.so’:
Found no calls to: ‘R_registerRoutines’, ‘R_useDynamicSymbols’
It is good practice to register native routines and to disable symbol
search.
See ‘Writing portable packages’ in the ‘Writing R Extensions’ manual.
Flavors: r-devel-linux-x86_64-fedora-clang, r-devel-linux-x86_64-fedora-gcc