CRAN Package Check Results for Package blockRAR

Last updated on 2021-11-30 11:51:51 CET.

Flavor Version Tinstall Tcheck Ttotal Status Flags
r-devel-linux-x86_64-debian-clang 1.0.2 11.50 157.39 168.89 NOTE
r-devel-linux-x86_64-debian-gcc 1.0.2 8.79 116.64 125.43 NOTE
r-devel-linux-x86_64-fedora-clang 1.0.2 210.44 NOTE
r-devel-linux-x86_64-fedora-gcc 1.0.2 198.73 NOTE
r-devel-windows-x86_64-new-UL 1.0.2 21.00 221.00 242.00 NOTE
r-devel-windows-x86_64-new-TK 1.0.2 NOTE
r-devel-windows-x86_64-old 1.0.2 18.00 162.00 180.00 NOTE
r-patched-linux-x86_64 1.0.2 11.10 146.73 157.83 NOTE
r-patched-solaris-x86 1.0.2 277.40 NOTE
r-release-linux-x86_64 1.0.2 11.07 147.40 158.47 NOTE
r-release-macos-arm64 1.0.2 NOTE
r-release-macos-x86_64 1.0.2 NOTE
r-release-windows-ix86+x86_64 1.0.2 28.00 206.00 234.00 NOTE
r-oldrel-macos-x86_64 1.0.2 OK
r-oldrel-windows-ix86+x86_64 1.0.2 21.00 161.00 182.00 OK

Check Details

Version: 1.0.2
Check: LazyData
Result: NOTE
     'LazyData' is specified without a 'data' directory
Flavors: r-devel-linux-x86_64-debian-clang, r-devel-linux-x86_64-debian-gcc, r-devel-linux-x86_64-fedora-clang, r-devel-linux-x86_64-fedora-gcc, r-devel-windows-x86_64-new-UL, r-devel-windows-x86_64-new-TK, r-devel-windows-x86_64-old, r-patched-linux-x86_64, r-patched-solaris-x86, r-release-linux-x86_64, r-release-macos-arm64, r-release-macos-x86_64, r-release-windows-ix86+x86_64