CRAN Package Check Results for Package blaise

Last updated on 2021-07-25 07:49:55 CEST.

Flavor Version Tinstall Tcheck Ttotal Status Flags
r-devel-linux-x86_64-debian-clang 1.3.7 7.93 66.34 74.27 ERROR
r-devel-linux-x86_64-debian-gcc 1.3.7 5.56 49.73 55.29 ERROR
r-devel-linux-x86_64-fedora-clang 1.3.7 93.46 ERROR
r-devel-linux-x86_64-fedora-gcc 1.3.7 85.03 ERROR
r-devel-windows-x86_64 1.3.7 12.00 62.00 74.00 OK
r-devel-windows-x86_64-gcc10-UCRT 1.3.7 OK
r-patched-linux-x86_64 1.3.7 5.23 61.51 66.74 ERROR
r-patched-solaris-x86 1.3.7 106.70 ERROR
r-release-linux-x86_64 1.3.7 7.63 61.20 68.83 ERROR
r-release-macos-arm64 1.3.7 OK
r-release-macos-x86_64 1.3.7 OK
r-release-windows-ix86+x86_64 1.3.7 17.00 60.00 77.00 OK
r-oldrel-macos-x86_64 1.3.7 OK
r-oldrel-windows-ix86+x86_64 1.3.7 18.00 84.00 102.00 OK

Check Details

Version: 1.3.7
Check: tests
Result: ERROR
     Running 'testthat.R' [10s/16s]
    Running the tests in 'tests/testthat.R' failed.
    Complete output:
     > library(testthat)
     > library(blaise)
     >
     > test_check("blaise")
     == Failed tests ================================================================
     -- Failure (test_types.R:164:3): empty STRING ----------------------------------
     rep(NA_character_, 10) not equal to dfnew[["A"]].
     Lengths differ: 10 is not 1
    
     [ FAIL 1 | WARN 0 | SKIP 0 | PASS 419 ]
     Error: Test failures
     Execution halted
Flavor: r-devel-linux-x86_64-debian-clang

Version: 1.3.7
Check: tests
Result: ERROR
     Running ‘testthat.R’ [7s/15s]
    Running the tests in ‘tests/testthat.R’ failed.
    Complete output:
     > library(testthat)
     > library(blaise)
     >
     > test_check("blaise")
     ══ Failed tests ════════════════════════════════════════════════════════════════
     ── Failure (test_types.R:164:3): empty STRING ──────────────────────────────────
     rep(NA_character_, 10) not equal to dfnew[["A"]].
     Lengths differ: 10 is not 1
    
     [ FAIL 1 | WARN 0 | SKIP 0 | PASS 419 ]
     Error: Test failures
     Execution halted
Flavor: r-devel-linux-x86_64-debian-gcc

Version: 1.3.7
Check: tests
Result: ERROR
     Running ‘testthat.R’ [11s/16s]
    Running the tests in ‘tests/testthat.R’ failed.
    Complete output:
     > library(testthat)
     > library(blaise)
     >
     > test_check("blaise")
     ══ Failed tests ════════════════════════════════════════════════════════════════
     ── Failure (test_types.R:164:3): empty STRING ──────────────────────────────────
     rep(NA_character_, 10) not equal to dfnew[["A"]].
     Lengths differ: 10 is not 1
    
     [ FAIL 1 | WARN 0 | SKIP 0 | PASS 419 ]
     Error: Test failures
     Execution halted
Flavor: r-devel-linux-x86_64-fedora-clang

Version: 1.3.7
Check: tests
Result: ERROR
     Running ‘testthat.R’ [11s/32s]
    Running the tests in ‘tests/testthat.R’ failed.
    Complete output:
     > library(testthat)
     > library(blaise)
     >
     > test_check("blaise")
     ══ Failed tests ════════════════════════════════════════════════════════════════
     ── Failure (test_types.R:164:3): empty STRING ──────────────────────────────────
     rep(NA_character_, 10) not equal to dfnew[["A"]].
     Lengths differ: 10 is not 1
    
     [ FAIL 1 | WARN 0 | SKIP 0 | PASS 419 ]
     Error: Test failures
     Execution halted
Flavor: r-devel-linux-x86_64-fedora-gcc

Version: 1.3.7
Check: tests
Result: ERROR
     Running ‘testthat.R’ [10s/15s]
    Running the tests in ‘tests/testthat.R’ failed.
    Complete output:
     > library(testthat)
     > library(blaise)
     >
     > test_check("blaise")
     ══ Failed tests ════════════════════════════════════════════════════════════════
     ── Failure (test_types.R:164:3): empty STRING ──────────────────────────────────
     rep(NA_character_, 10) not equal to dfnew[["A"]].
     Lengths differ: 10 is not 1
    
     [ FAIL 1 | WARN 0 | SKIP 0 | PASS 419 ]
     Error: Test failures
     Execution halted
Flavor: r-patched-linux-x86_64

Version: 1.3.7
Check: tests
Result: ERROR
     Running ‘testthat.R’ [12s/12s]
    Running the tests in ‘tests/testthat.R’ failed.
    Complete output:
     > library(testthat)
     > library(blaise)
     >
     > test_check("blaise")
     ══ Failed tests ════════════════════════════════════════════════════════════════
     ── Failure (test_types.R:164:3): empty STRING ──────────────────────────────────
     rep(NA_character_, 10) not equal to dfnew[["A"]].
     Lengths differ: 10 is not 1
    
     [ FAIL 1 | WARN 0 | SKIP 0 | PASS 419 ]
     Error: Test failures
     Execution halted
Flavor: r-patched-solaris-x86

Version: 1.3.7
Check: tests
Result: ERROR
     Running ‘testthat.R’ [9s/15s]
    Running the tests in ‘tests/testthat.R’ failed.
    Complete output:
     > library(testthat)
     > library(blaise)
     >
     > test_check("blaise")
     ══ Failed tests ════════════════════════════════════════════════════════════════
     ── Failure (test_types.R:164:3): empty STRING ──────────────────────────────────
     rep(NA_character_, 10) not equal to dfnew[["A"]].
     Lengths differ: 10 is not 1
    
     [ FAIL 1 | WARN 0 | SKIP 0 | PASS 419 ]
     Error: Test failures
     Execution halted
Flavor: r-release-linux-x86_64