CRAN Package Check Results for Package bivquant

Last updated on 2021-09-20 16:50:18 CEST.

Flavor Version Tinstall Tcheck Ttotal Status Flags
r-devel-linux-x86_64-debian-clang 0.1 9.24 80.97 90.21 NOTE
r-devel-linux-x86_64-debian-gcc 0.1 8.27 63.73 72.00 NOTE
r-devel-linux-x86_64-fedora-clang 0.1 116.87 NOTE
r-devel-linux-x86_64-fedora-gcc 0.1 106.55 NOTE
r-devel-windows-x86_64 0.1 11.00 74.00 85.00 NOTE
r-devel-windows-x86_64-gcc10-UCRT 0.1 ERROR
r-patched-linux-x86_64 0.1 11.37 78.70 90.07 NOTE
r-patched-solaris-x86 0.1 165.40 NOTE
r-release-linux-x86_64 0.1 9.96 78.93 88.89 NOTE
r-release-macos-arm64 0.1 NOTE
r-release-macos-x86_64 0.1 NOTE
r-release-windows-ix86+x86_64 0.1 20.00 88.00 108.00 NOTE
r-oldrel-macos-x86_64 0.1 NOTE
r-oldrel-windows-ix86+x86_64 0.1 23.00 75.00 98.00 OK

Check Details

Version: 0.1
Check: LazyData
Result: NOTE
     'LazyData' is specified without a 'data' directory
Flavors: r-devel-linux-x86_64-debian-clang, r-devel-linux-x86_64-debian-gcc, r-devel-linux-x86_64-fedora-clang, r-devel-linux-x86_64-fedora-gcc, r-devel-windows-x86_64, r-devel-windows-x86_64-gcc10-UCRT, r-patched-linux-x86_64, r-patched-solaris-x86, r-release-linux-x86_64, r-release-macos-arm64, r-release-macos-x86_64, r-release-windows-ix86+x86_64

Version: 0.1
Check: dependencies in R code
Result: NOTE
    Namespace in Imports field not imported from: ‘MASS’
     All declared Imports should be used.
Flavors: r-devel-linux-x86_64-fedora-clang, r-devel-linux-x86_64-fedora-gcc, r-devel-windows-x86_64-gcc10-UCRT, r-patched-solaris-x86, r-release-macos-arm64, r-release-macos-x86_64, r-oldrel-macos-x86_64

Version: 0.1
Check: whether package can be installed
Result: WARN
    Found the following significant warnings:
     WARNING: installation-time patches will not be applied, could not get the patches index
Flavor: r-devel-windows-x86_64-gcc10-UCRT

Version: 0.1
Check: PDF version of manual
Result: WARN
    LaTeX errors when creating PDF version.
    This typically indicates Rd problems.
Flavor: r-devel-windows-x86_64-gcc10-UCRT

Version: 0.1
Check: PDF version of manual without hyperrefs or index
Result: ERROR
    Re-running with no redirection of stdout/stderr.
Flavor: r-devel-windows-x86_64-gcc10-UCRT