CRAN Package Check Results for Package biotools

Last updated on 2022-10-05 00:04:25 CEST.

Flavor Version Tinstall Tcheck Ttotal Status Flags
r-devel-linux-x86_64-debian-clang 4.2 3.85 54.06 57.91 NOTE
r-devel-linux-x86_64-debian-gcc 4.2 3.55 41.31 44.86 NOTE
r-devel-linux-x86_64-fedora-clang 4.2 83.72 NOTE
r-devel-linux-x86_64-fedora-gcc 4.2 83.26 NOTE
r-devel-windows-x86_64 4.2 32.00 91.00 123.00 NOTE
r-patched-linux-x86_64 4.2 4.89 53.35 58.24 OK
r-release-linux-x86_64 4.2 4.84 51.69 56.53 OK
r-release-macos-arm64 4.2 49.00 OK
r-release-macos-x86_64 4.2 48.00 OK
r-release-windows-x86_64 4.2 35.00 91.00 126.00 OK
r-oldrel-macos-arm64 4.2 30.00 NOTE
r-oldrel-macos-x86_64 4.2 56.00 NOTE
r-oldrel-windows-ix86+x86_64 4.2 9.00 83.00 92.00 OK

Check Details

Version: 4.2
Check: Rd files
Result: NOTE
    checkRd: (-1) tocher.Rd:13: Escaped LaTeX specials: \&
Flavors: r-devel-linux-x86_64-debian-clang, r-devel-linux-x86_64-debian-gcc, r-devel-linux-x86_64-fedora-clang, r-devel-linux-x86_64-fedora-gcc, r-devel-windows-x86_64

Version: 4.2
Check: package dependencies
Result: NOTE
    Package suggested but not available for checking: ‘rpanel’
Flavors: r-oldrel-macos-arm64, r-oldrel-macos-x86_64