CRAN Package Check Results for Package biotools

Last updated on 2021-09-28 04:54:50 CEST.

Flavor Version Tinstall Tcheck Ttotal Status Flags
r-devel-linux-x86_64-debian-clang 4.2 5.31 54.49 59.80 OK
r-devel-linux-x86_64-debian-gcc 4.2 3.77 41.34 45.11 OK
r-devel-linux-x86_64-fedora-clang 4.2 78.93 OK
r-devel-linux-x86_64-fedora-gcc 4.2 69.43 OK
r-devel-windows-x86_64 4.2 6.00 58.00 64.00 OK
r-devel-windows-x86_64-gcc10-UCRT 4.2 OK
r-patched-linux-x86_64 4.2 4.32 51.78 56.10 OK
r-patched-solaris-x86 4.2 97.60 OK
r-release-linux-x86_64 4.2 4.55 52.77 57.32 OK
r-release-macos-arm64 4.2 NOTE
r-release-macos-x86_64 4.2 NOTE
r-release-windows-ix86+x86_64 4.2 10.00 57.00 67.00 OK
r-oldrel-macos-x86_64 4.2 NOTE
r-oldrel-windows-ix86+x86_64 4.2 21.00 55.00 76.00 OK

Check Details

Version: 4.2
Check: package dependencies
Result: NOTE
    Package suggested but not available for checking: ‘rpanel’
Flavors: r-release-macos-arm64, r-release-macos-x86_64

Version: 4.2
Check: package dependencies
Result: NOTE
    Packages suggested but not available for checking: 'soilphysics', 'rpanel'
Flavor: r-oldrel-macos-x86_64