CRAN Package Check Results for Package bioset

Last updated on 2021-08-02 07:51:37 CEST.

Flavor Version Tinstall Tcheck Ttotal Status Flags
r-devel-linux-x86_64-debian-clang 0.2.3 3.11 38.89 42.00 NOTE
r-devel-linux-x86_64-debian-gcc 0.2.3 2.30 30.00 32.30 NOTE
r-devel-linux-x86_64-fedora-clang 0.2.3 58.77 NOTE
r-devel-linux-x86_64-fedora-gcc 0.2.3 48.86 NOTE
r-devel-windows-x86_64 0.2.3 5.00 57.00 62.00 NOTE
r-devel-windows-x86_64-gcc10-UCRT 0.2.3 NOTE
r-patched-linux-x86_64 0.2.3 NOTE
r-patched-solaris-x86 0.2.3 74.10 NOTE
r-release-linux-x86_64 0.2.3 3.01 37.24 40.25 NOTE
r-release-macos-arm64 0.2.3 NOTE
r-release-macos-x86_64 0.2.3 NOTE
r-release-windows-ix86+x86_64 0.2.3 6.00 57.00 63.00 NOTE
r-oldrel-macos-x86_64 0.2.3 OK
r-oldrel-windows-ix86+x86_64 0.2.3 5.00 59.00 64.00 OK

Check Details

Version: 0.2.3
Check: LazyData
Result: NOTE
     'LazyData' is specified without a 'data' directory
Flavors: r-devel-linux-x86_64-debian-clang, r-devel-linux-x86_64-debian-gcc, r-devel-linux-x86_64-fedora-clang, r-devel-linux-x86_64-fedora-gcc, r-devel-windows-x86_64, r-devel-windows-x86_64-gcc10-UCRT, r-patched-linux-x86_64, r-patched-solaris-x86, r-release-linux-x86_64, r-release-macos-arm64, r-release-macos-x86_64, r-release-windows-ix86+x86_64