CRAN Package Check Results for Package bio3d

Last updated on 2021-09-23 04:56:13 CEST.

Flavor Version Tinstall Tcheck Ttotal Status Flags
r-devel-linux-x86_64-debian-clang 2.4-2 87.15 201.22 288.37 NOTE
r-devel-linux-x86_64-debian-gcc 2.4-2 57.89 146.11 204.00 NOTE
r-devel-linux-x86_64-fedora-clang 2.4-2 368.37 NOTE
r-devel-linux-x86_64-fedora-gcc 2.4-2 342.18 NOTE
r-devel-windows-x86_64 2.4-2 91.00 177.00 268.00 OK
r-devel-windows-x86_64-gcc10-UCRT 2.4-2 ERROR
r-patched-linux-x86_64 2.4-2 72.37 193.22 265.59 NOTE
r-patched-solaris-x86 2.4-2 407.00 NOTE
r-release-linux-x86_64 2.4-2 68.57 191.84 260.41 NOTE
r-release-macos-arm64 2.4-2 NOTE
r-release-macos-x86_64 2.4-2 NOTE
r-release-windows-ix86+x86_64 2.4-2 179.00 281.00 460.00 NOTE
r-oldrel-macos-x86_64 2.4-2 NOTE
r-oldrel-windows-ix86+x86_64 2.4-2 155.00 220.00 375.00 NOTE

Check Details

Version: 2.4-2
Check: package dependencies
Result: NOTE
    Package suggested but not available for checking: 'msa'
Flavors: r-devel-linux-x86_64-debian-clang, r-devel-linux-x86_64-debian-gcc, r-devel-linux-x86_64-fedora-clang, r-devel-linux-x86_64-fedora-gcc, r-patched-linux-x86_64, r-patched-solaris-x86, r-release-linux-x86_64, r-release-macos-arm64, r-release-macos-x86_64, r-oldrel-macos-x86_64

Version: 2.4-2
Check: installed package size
Result: NOTE
     installed size is 6.1Mb
     sub-directories of 1Mb or more:
     libs 2.4Mb
Flavors: r-devel-linux-x86_64-fedora-clang, r-release-macos-arm64, r-release-macos-x86_64, r-release-windows-ix86+x86_64, r-oldrel-macos-x86_64, r-oldrel-windows-ix86+x86_64

Version: 2.4-2
Check: package dependencies
Result: NOTE
    Packages suggested but not available for checking: 'XML', 'igraph'
Flavor: r-devel-windows-x86_64-gcc10-UCRT

Version: 2.4-2
Check: whether package can be installed
Result: ERROR
    Installation failed.
Flavor: r-devel-windows-x86_64-gcc10-UCRT