Last updated on 2022-05-22 02:48:58 CEST.
Flavor | Version | Tinstall | Tcheck | Ttotal | Status | Flags |
---|---|---|---|---|---|---|
r-devel-linux-x86_64-debian-clang | 1.1 | 2.10 | 32.81 | 34.91 | NOTE | |
r-devel-linux-x86_64-debian-gcc | 1.1 | 1.96 | 24.90 | 26.86 | NOTE | |
r-devel-linux-x86_64-fedora-clang | 1.1 | 41.95 | NOTE | |||
r-devel-linux-x86_64-fedora-gcc | 1.1 | 41.12 | NOTE | |||
r-devel-windows-x86_64 | 1.1 | 10.00 | 46.00 | 56.00 | NOTE | |
r-patched-linux-x86_64 | 1.1 | 2.80 | 31.21 | 34.01 | NOTE | |
r-release-linux-x86_64 | 1.1 | 2.72 | 31.70 | 34.42 | NOTE | |
r-release-macos-arm64 | 1.1 | 14.00 | NOTE | |||
r-release-macos-x86_64 | 1.1 | 23.00 | NOTE | |||
r-release-windows-x86_64 | 1.1 | 5.00 | 45.00 | 50.00 | NOTE | |
r-oldrel-macos-arm64 | 1.1 | 16.00 | NOTE | |||
r-oldrel-macos-x86_64 | 1.1 | 26.00 | NOTE | |||
r-oldrel-windows-ix86+x86_64 | 1.1 | 5.00 | 33.00 | 38.00 | NOTE |
Version: 1.1
Check: R code for possible problems
Result: NOTE
bins.quantiles: no visible global function definition for 'quantile'
Undefined global functions or variables:
quantile
Consider adding
importFrom("stats", "quantile")
to your NAMESPACE file.
Flavors: r-devel-linux-x86_64-debian-clang, r-devel-linux-x86_64-debian-gcc, r-devel-linux-x86_64-fedora-clang, r-devel-linux-x86_64-fedora-gcc, r-devel-windows-x86_64, r-patched-linux-x86_64, r-release-linux-x86_64, r-release-macos-arm64, r-release-macos-x86_64, r-release-windows-x86_64, r-oldrel-macos-arm64, r-oldrel-macos-x86_64, r-oldrel-windows-ix86+x86_64
Version: 1.1
Check: LazyData
Result: NOTE
'LazyData' is specified without a 'data' directory
Flavors: r-devel-linux-x86_64-debian-clang, r-devel-linux-x86_64-debian-gcc, r-devel-linux-x86_64-fedora-clang, r-devel-linux-x86_64-fedora-gcc, r-devel-windows-x86_64, r-patched-linux-x86_64, r-release-linux-x86_64, r-release-macos-arm64, r-release-macos-x86_64, r-release-windows-x86_64, r-oldrel-macos-arm64, r-oldrel-macos-x86_64, r-oldrel-windows-ix86+x86_64