CRAN Package Check Results for Package binomSamSize

Last updated on 2021-09-20 16:50:18 CEST.

Flavor Version Tinstall Tcheck Ttotal Status Flags
r-devel-linux-x86_64-debian-clang 0.1-5 3.44 29.83 33.27 OK
r-devel-linux-x86_64-debian-gcc 0.1-5 2.44 23.19 25.63 OK
r-devel-linux-x86_64-fedora-clang 0.1-5 50.45 OK
r-devel-linux-x86_64-fedora-gcc 0.1-5 39.67 OK
r-devel-windows-x86_64 0.1-5 5.00 35.00 40.00 OK
r-devel-windows-x86_64-gcc10-UCRT 0.1-5 ERROR
r-patched-linux-x86_64 0.1-5 3.66 28.75 32.41 OK
r-patched-solaris-x86 0.1-5 58.50 OK
r-release-linux-x86_64 0.1-5 3.17 29.44 32.61 OK
r-release-macos-arm64 0.1-5 OK
r-release-macos-x86_64 0.1-5 OK
r-release-windows-ix86+x86_64 0.1-5 9.00 59.00 68.00 OK
r-oldrel-macos-x86_64 0.1-5 OK
r-oldrel-windows-ix86+x86_64 0.1-5 10.00 44.00 54.00 OK

Check Details

Version: 0.1-5
Check: whether package can be installed
Result: ERROR
    Installation failed.
Flavor: r-devel-windows-x86_64-gcc10-UCRT