CRAN Package Check Results for Package binaryGP

Last updated on 2021-09-21 16:51:09 CEST.

Flavor Version Tinstall Tcheck Ttotal Status Flags
r-devel-linux-x86_64-debian-clang 0.2 53.10 36.23 89.33 NOTE
r-devel-linux-x86_64-debian-gcc 0.2 34.45 28.42 62.87 NOTE
r-devel-linux-x86_64-fedora-clang 0.2 124.56 NOTE
r-devel-linux-x86_64-fedora-gcc 0.2 107.42 NOTE
r-devel-windows-x86_64 0.2 47.00 49.00 96.00 NOTE
r-devel-windows-x86_64-gcc10-UCRT 0.2 ERROR
r-patched-linux-x86_64 0.2 37.01 35.47 72.48 NOTE
r-patched-solaris-x86 0.2 121.90 NOTE
r-release-linux-x86_64 0.2 38.28 35.17 73.45 NOTE
r-release-macos-arm64 0.2 NOTE
r-release-macos-x86_64 0.2 NOTE
r-release-windows-ix86+x86_64 0.2 122.00 80.00 202.00 NOTE
r-oldrel-macos-x86_64 0.2 OK
r-oldrel-windows-ix86+x86_64 0.2 116.00 84.00 200.00 OK

Check Details

Version: 0.2
Check: LazyData
Result: NOTE
     'LazyData' is specified without a 'data' directory
Flavors: r-devel-linux-x86_64-debian-clang, r-devel-linux-x86_64-debian-gcc, r-devel-linux-x86_64-fedora-clang, r-devel-linux-x86_64-fedora-gcc, r-devel-windows-x86_64, r-patched-linux-x86_64, r-patched-solaris-x86, r-release-linux-x86_64, r-release-macos-arm64, r-release-macos-x86_64, r-release-windows-ix86+x86_64

Version: 0.2
Check: whether package can be installed
Result: ERROR
    Installation failed.
Flavor: r-devel-windows-x86_64-gcc10-UCRT