CRAN Package Check Results for Package billboarder

Last updated on 2022-01-23 00:57:05 CET.

Flavor Version Tinstall Tcheck Ttotal Status Flags
r-devel-linux-x86_64-debian-clang 0.3.1 7.79 98.87 106.66 OK
r-devel-linux-x86_64-debian-gcc 0.3.1 6.15 74.61 80.76 OK
r-devel-linux-x86_64-fedora-clang 0.3.1 130.00 NOTE
r-devel-linux-x86_64-fedora-gcc 0.3.1 119.05 OK
r-devel-windows-x86_64-new-UL 0.3.1 283.00 189.00 472.00 OK
r-devel-windows-x86_64-new-TK 0.3.1 OK
r-patched-linux-x86_64 0.3.1 7.66 100.36 108.02 OK
r-release-linux-x86_64 0.3.1 5.83 99.66 105.49 OK
r-release-macos-arm64 0.3.1 NOTE
r-release-macos-x86_64 0.3.1 WARN
r-release-windows-ix86+x86_64 0.3.1 19.00 138.00 157.00 OK
r-oldrel-macos-x86_64 0.3.1 WARN
r-oldrel-windows-ix86+x86_64 0.3.1 19.00 148.00 167.00 OK

Check Details

Version: 0.3.1
Check: installed package size
Result: NOTE
     installed size is 5.2Mb
     sub-directories of 1Mb or more:
     doc 3.5Mb
Flavors: r-devel-linux-x86_64-fedora-clang, r-release-macos-arm64, r-release-macos-x86_64, r-oldrel-macos-x86_64

Version: 0.3.1
Check: re-building of vignette outputs
Result: WARN
    Error(s) in re-building vignettes:
    --- re-building ‘billboarder-intro.Rmd’ using rmarkdown
    Warning in engine$weave(file, quiet = quiet, encoding = enc) :
     Pandoc (>= 1.12.3) not available. Falling back to R Markdown v1.
    Quitting from lines 40-47 (billboarder-intro.Rmd)
    Error: processing vignette 'billboarder-intro.Rmd' failed with diagnostics:
    invalid 'path' argument
    --- failed re-building ‘billboarder-intro.Rmd’
    
    --- re-building ‘billboarder-mapping.Rmd’ using rmarkdown
    Warning in engine$weave(file, quiet = quiet, encoding = enc) :
     Pandoc (>= 1.12.3) not available. Falling back to R Markdown v1.
    Quitting from lines 43-45 (billboarder-mapping.Rmd)
    Error: processing vignette 'billboarder-mapping.Rmd' failed with diagnostics:
    invalid 'path' argument
    --- failed re-building ‘billboarder-mapping.Rmd’
    
    --- re-building ‘billboarder-options.Rmd’ using rmarkdown
    Warning in engine$weave(file, quiet = quiet, encoding = enc) :
     Pandoc (>= 1.12.3) not available. Falling back to R Markdown v1.
    Quitting from lines 25-28 (billboarder-options.Rmd)
    Error: processing vignette 'billboarder-options.Rmd' failed with diagnostics:
    invalid 'path' argument
    --- failed re-building ‘billboarder-options.Rmd’
    
    --- re-building ‘billboarder.Rmd’ using rmarkdown
    Warning in engine$weave(file, quiet = quiet, encoding = enc) :
     Pandoc (>= 1.12.3) not available. Falling back to R Markdown v1.
    Quitting from lines 46-66 (billboarder.Rmd)
    Error: processing vignette 'billboarder.Rmd' failed with diagnostics:
    invalid 'path' argument
    --- failed re-building ‘billboarder.Rmd’
    
    --- re-building ‘lines-options.Rmd’ using rmarkdown
    Warning in engine$weave(file, quiet = quiet, encoding = enc) :
     Pandoc (>= 1.12.3) not available. Falling back to R Markdown v1.
    Quitting from lines 52-54 (lines-options.Rmd)
    Error: processing vignette 'lines-options.Rmd' failed with diagnostics:
    invalid 'path' argument
    --- failed re-building ‘lines-options.Rmd’
    
    --- re-building ‘linked-tooltip.Rmd’ using rmarkdown
    Warning in engine$weave(file, quiet = quiet, encoding = enc) :
     Pandoc (>= 1.12.3) not available. Falling back to R Markdown v1.
    Quitting from lines 58-59 (linked-tooltip.Rmd)
    Error: processing vignette 'linked-tooltip.Rmd' failed with diagnostics:
    invalid 'path' argument
    --- failed re-building ‘linked-tooltip.Rmd’
    
    SUMMARY: processing the following files failed:
     ‘billboarder-intro.Rmd’ ‘billboarder-mapping.Rmd’
     ‘billboarder-options.Rmd’ ‘billboarder.Rmd’ ‘lines-options.Rmd’
     ‘linked-tooltip.Rmd’
    
    Error: Vignette re-building failed.
    Execution halted
Flavor: r-release-macos-x86_64

Version: 0.3.1
Check: re-building of vignette outputs
Result: WARN
    Error(s) in re-building vignettes:
    --- re-building ‘billboarder-intro.Rmd’ using rmarkdown
    Warning in engine$weave(file, quiet = quiet, encoding = enc) :
     Pandoc (>= 1.12.3) and/or pandoc-citeproc not available. Falling back to R Markdown v1.
    Quitting from lines 40-47 (billboarder-intro.Rmd)
    Error: processing vignette 'billboarder-intro.Rmd' failed with diagnostics:
    invalid 'path' argument
    --- failed re-building ‘billboarder-intro.Rmd’
    
    --- re-building ‘billboarder-mapping.Rmd’ using rmarkdown
    Warning in engine$weave(file, quiet = quiet, encoding = enc) :
     Pandoc (>= 1.12.3) and/or pandoc-citeproc not available. Falling back to R Markdown v1.
    Quitting from lines 43-45 (billboarder-mapping.Rmd)
    Error: processing vignette 'billboarder-mapping.Rmd' failed with diagnostics:
    invalid 'path' argument
    --- failed re-building ‘billboarder-mapping.Rmd’
    
    --- re-building ‘billboarder-options.Rmd’ using rmarkdown
    Warning in engine$weave(file, quiet = quiet, encoding = enc) :
     Pandoc (>= 1.12.3) and/or pandoc-citeproc not available. Falling back to R Markdown v1.
    Quitting from lines 25-28 (billboarder-options.Rmd)
    Error: processing vignette 'billboarder-options.Rmd' failed with diagnostics:
    invalid 'path' argument
    --- failed re-building ‘billboarder-options.Rmd’
    
    --- re-building ‘billboarder.Rmd’ using rmarkdown
    Warning in engine$weave(file, quiet = quiet, encoding = enc) :
     Pandoc (>= 1.12.3) and/or pandoc-citeproc not available. Falling back to R Markdown v1.
    Quitting from lines 46-66 (billboarder.Rmd)
    Error: processing vignette 'billboarder.Rmd' failed with diagnostics:
    invalid 'path' argument
    --- failed re-building ‘billboarder.Rmd’
    
    --- re-building ‘lines-options.Rmd’ using rmarkdown
    Warning in engine$weave(file, quiet = quiet, encoding = enc) :
     Pandoc (>= 1.12.3) and/or pandoc-citeproc not available. Falling back to R Markdown v1.
    Quitting from lines 52-54 (lines-options.Rmd)
    Error: processing vignette 'lines-options.Rmd' failed with diagnostics:
    invalid 'path' argument
    --- failed re-building ‘lines-options.Rmd’
    
    --- re-building ‘linked-tooltip.Rmd’ using rmarkdown
    Warning in engine$weave(file, quiet = quiet, encoding = enc) :
     Pandoc (>= 1.12.3) and/or pandoc-citeproc not available. Falling back to R Markdown v1.
    Quitting from lines 58-59 (linked-tooltip.Rmd)
    Error: processing vignette 'linked-tooltip.Rmd' failed with diagnostics:
    invalid 'path' argument
    --- failed re-building ‘linked-tooltip.Rmd’
    
    SUMMARY: processing the following files failed:
     ‘billboarder-intro.Rmd’ ‘billboarder-mapping.Rmd’
     ‘billboarder-options.Rmd’ ‘billboarder.Rmd’ ‘lines-options.Rmd’
     ‘linked-tooltip.Rmd’
    
    Error: Vignette re-building failed.
    Execution halted
Flavor: r-oldrel-macos-x86_64