CRAN Package Check Results for Package bibliometrixData

Last updated on 2021-09-20 16:50:18 CEST.

Flavor Version Tinstall Tcheck Ttotal Status Flags
r-devel-linux-x86_64-debian-clang 0.1.0 3.42 21.83 25.25 OK
r-devel-linux-x86_64-debian-gcc 0.1.0 2.85 17.67 20.52 OK
r-devel-linux-x86_64-fedora-clang 0.1.0 39.47 OK
r-devel-linux-x86_64-fedora-gcc 0.1.0 28.68 OK
r-devel-windows-x86_64 0.1.0 5.00 27.00 32.00 OK
r-devel-windows-x86_64-gcc10-UCRT 0.1.0 ERROR
r-patched-linux-x86_64 0.1.0 3.60 21.42 25.02 OK
r-patched-solaris-x86 0.1.0 47.60 OK
r-release-linux-x86_64 0.1.0 3.50 21.43 24.93 OK
r-release-macos-arm64 0.1.0 OK
r-release-macos-x86_64 0.1.0 OK
r-release-windows-ix86+x86_64 0.1.0 6.00 37.00 43.00 OK
r-oldrel-macos-x86_64 0.1.0 OK
r-oldrel-windows-ix86+x86_64 0.1.0 7.00 29.00 36.00 OK

Check Details

Version: 0.1.0
Check: package dependencies
Result: NOTE
    Package suggested but not available for checking: 'bibliometrix'
Flavor: r-devel-windows-x86_64-gcc10-UCRT

Version: 0.1.0
Check: whether package can be installed
Result: WARN
    Found the following significant warnings:
     WARNING: installation-time patches will not be applied, could not get the patches index
Flavor: r-devel-windows-x86_64-gcc10-UCRT

Version: 0.1.0
Check: PDF version of manual
Result: WARN
    LaTeX errors when creating PDF version.
    This typically indicates Rd problems.
Flavor: r-devel-windows-x86_64-gcc10-UCRT

Version: 0.1.0
Check: PDF version of manual without hyperrefs or index
Result: ERROR
    Re-running with no redirection of stdout/stderr.
Flavor: r-devel-windows-x86_64-gcc10-UCRT