CRAN Package Check Results for Package bibliometrix

Last updated on 2021-07-30 19:50:00 CEST.

Flavor Version Tinstall Tcheck Ttotal Status Flags
r-devel-linux-x86_64-debian-clang 3.1.4 ERROR
r-devel-linux-x86_64-debian-gcc 3.1.4 19.62 172.23 191.85 OK
r-devel-linux-x86_64-fedora-clang 3.1.4 303.40 NOTE
r-devel-linux-x86_64-fedora-gcc 3.1.4 294.06 OK
r-devel-windows-x86_64 3.1.4 42.00 270.00 312.00 OK
r-devel-windows-x86_64-gcc10-UCRT 3.1.4 OK
r-patched-linux-x86_64 3.1.4 OK
r-patched-solaris-x86 3.1.4 418.40 OK
r-release-linux-x86_64 3.1.4 22.44 214.82 237.26 OK
r-release-macos-arm64 3.1.4 OK
r-release-macos-x86_64 3.1.4 OK
r-release-windows-ix86+x86_64 3.1.4 49.00 269.00 318.00 OK
r-oldrel-macos-x86_64 3.1.4 OK
r-oldrel-windows-ix86+x86_64 3.1.4 48.00 267.00 315.00 OK

Check Details

Version: 3.1.4
Check: package dependencies
Result: ERROR
    Package required but not available: 'stringdist'
    
    See section 'The DESCRIPTION file' in the 'Writing R Extensions'
    manual.
Flavor: r-devel-linux-x86_64-debian-clang

Version: 3.1.4
Check: package dependencies
Result: NOTE
    Imports includes 24 non-default packages.
    Importing from so many packages makes the package vulnerable to any of
    them becoming unavailable. Move as many as possible to Suggests and
    use conditionally.
Flavor: r-devel-linux-x86_64-fedora-clang