CRAN Package Check Results for Package betaBayes

Last updated on 2022-01-25 12:55:27 CET.

Flavor Version Tinstall Tcheck Ttotal Status Flags
r-devel-linux-x86_64-debian-clang 1.0 65.67 42.76 108.43 OK
r-devel-linux-x86_64-debian-gcc 1.0 54.37 35.89 90.26 OK
r-devel-linux-x86_64-fedora-clang 1.0 166.60 NOTE
r-devel-linux-x86_64-fedora-gcc 1.0 142.67 NOTE
r-devel-windows-x86_64-new-UL 1.0 78.00 81.00 159.00 OK
r-devel-windows-x86_64-new-TK 1.0 NOTE
r-patched-linux-x86_64 1.0 66.84 41.09 107.93 OK
r-release-linux-x86_64 1.0 64.67 40.59 105.26 OK
r-release-macos-arm64 1.0 NOTE
r-release-macos-x86_64 1.0 NOTE
r-release-windows-ix86+x86_64 1.0 169.00 85.00 254.00 OK
r-oldrel-macos-x86_64 1.0 NOTE
r-oldrel-windows-ix86+x86_64 1.0 170.00 81.00 251.00 OK

Check Details

Version: 1.0
Check: dependencies in R code
Result: NOTE
    Namespaces in Imports field not imported from:
     ‘coda’ ‘splines’
     All declared Imports should be used.
Flavors: r-devel-linux-x86_64-fedora-clang, r-devel-linux-x86_64-fedora-gcc, r-devel-windows-x86_64-new-TK, r-release-macos-arm64, r-release-macos-x86_64, r-oldrel-macos-x86_64