CRAN Package Check Results for Package bench

Last updated on 2021-09-17 04:49:13 CEST.

Flavor Version Tinstall Tcheck Ttotal Status Flags
r-devel-linux-x86_64-debian-clang 1.1.1 4.60 43.68 48.28 NOTE
r-devel-linux-x86_64-debian-gcc 1.1.1 3.13 33.43 36.56 NOTE
r-devel-linux-x86_64-fedora-clang 1.1.1 66.43 NOTE
r-devel-linux-x86_64-fedora-gcc 1.1.1 54.35 NOTE
r-devel-windows-x86_64 1.1.1 16.00 63.00 79.00 NOTE
r-devel-windows-x86_64-gcc10-UCRT 1.1.1 NOTE
r-patched-linux-x86_64 1.1.1 7.76 41.59 49.35 NOTE
r-patched-solaris-x86 1.1.1 78.10 NOTE
r-release-linux-x86_64 1.1.1 4.26 41.52 45.78 NOTE
r-release-macos-arm64 1.1.1 NOTE
r-release-macos-x86_64 1.1.1 NOTE
r-release-windows-ix86+x86_64 1.1.1 16.00 88.00 104.00 NOTE
r-oldrel-macos-x86_64 1.1.1 OK
r-oldrel-windows-ix86+x86_64 1.1.1 12.00 88.00 100.00 OK

Check Details

Version: 1.1.1
Check: LazyData
Result: NOTE
     'LazyData' is specified without a 'data' directory
Flavors: r-devel-linux-x86_64-debian-clang, r-devel-linux-x86_64-debian-gcc, r-devel-linux-x86_64-fedora-clang, r-devel-linux-x86_64-fedora-gcc, r-devel-windows-x86_64, r-devel-windows-x86_64-gcc10-UCRT, r-patched-linux-x86_64, r-patched-solaris-x86, r-release-linux-x86_64, r-release-macos-arm64, r-release-macos-x86_64, r-release-windows-ix86+x86_64