CRAN Package Check Results for Package beanz

Last updated on 2021-09-24 04:51:35 CEST.

Flavor Version Tinstall Tcheck Ttotal Status Flags
r-devel-linux-x86_64-debian-clang 2.4 791.17 237.54 1028.71 NOTE
r-devel-linux-x86_64-debian-gcc 2.4 641.62 203.03 844.65 NOTE
r-devel-linux-x86_64-fedora-clang 2.4 1404.95 NOTE
r-devel-linux-x86_64-fedora-gcc 2.4 1504.75 NOTE
r-devel-windows-x86_64 2.4 650.00 229.00 879.00 NOTE
r-devel-windows-x86_64-gcc10-UCRT 2.4 NOTE
r-patched-linux-x86_64 2.4 574.53 261.95 836.48 NOTE
r-patched-solaris-x86 2.4 1355.70 NOTE
r-release-linux-x86_64 2.4 672.57 260.31 932.88 NOTE
r-release-macos-arm64 2.4 NOTE
r-release-macos-x86_64 2.4 NOTE
r-release-windows-ix86+x86_64 2.4 1666.00 459.00 2125.00 NOTE
r-oldrel-macos-x86_64 2.4 NOTE
r-oldrel-windows-ix86+x86_64 2.4 1249.00 355.00 1604.00 NOTE

Check Details

Version: 2.4
Check: for GNU extensions in Makefiles
Result: NOTE
    GNU make is a SystemRequirements.
Flavors: r-devel-linux-x86_64-debian-clang, r-devel-linux-x86_64-debian-gcc, r-devel-linux-x86_64-fedora-clang, r-devel-linux-x86_64-fedora-gcc, r-devel-windows-x86_64, r-devel-windows-x86_64-gcc10-UCRT, r-patched-linux-x86_64, r-patched-solaris-x86, r-release-linux-x86_64, r-release-macos-arm64, r-release-macos-x86_64, r-release-windows-ix86+x86_64, r-oldrel-macos-x86_64, r-oldrel-windows-ix86+x86_64

Version: 2.4
Check: installed package size
Result: NOTE
     installed size is 87.6Mb
     sub-directories of 1Mb or more:
     libs 86.0Mb
Flavors: r-devel-linux-x86_64-fedora-clang, r-devel-windows-x86_64, r-patched-solaris-x86, r-release-macos-arm64, r-release-macos-x86_64, r-release-windows-ix86+x86_64, r-oldrel-macos-x86_64, r-oldrel-windows-ix86+x86_64

Version: 2.4
Check: dependencies in R code
Result: NOTE
    Namespace in Imports field not imported from: ‘rstantools’
     All declared Imports should be used.
Flavors: r-devel-linux-x86_64-fedora-clang, r-devel-linux-x86_64-fedora-gcc, r-devel-windows-x86_64-gcc10-UCRT, r-patched-solaris-x86, r-release-macos-arm64, r-release-macos-x86_64, r-oldrel-macos-x86_64

Version: 2.4
Check: line endings in C/C++/Fortran sources/headers
Result: NOTE
    Found the following sources/headers with CR or CRLF line endings:
     src/stan_files/bs.hpp
     src/stan_files/ds.hpp
     src/stan_files/eds.hpp
     src/stan_files/fs.hpp
     src/stan_files/nse.hpp
     src/stan_files/sr.hpp
     src/stan_files/srs.hpp
    Some Unix compilers require LF line endings.
Flavor: r-devel-windows-x86_64-gcc10-UCRT