CRAN Package Check Results for Package beadplexr

Last updated on 2021-07-28 19:49:43 CEST.

Flavor Version Tinstall Tcheck Ttotal Status Flags
r-devel-linux-x86_64-debian-clang 0.4.0 OK
r-devel-linux-x86_64-debian-gcc 0.4.0 9.83 206.37 216.20 OK
r-devel-linux-x86_64-fedora-clang 0.4.0 343.88 OK
r-devel-linux-x86_64-fedora-gcc 0.4.0 334.56 OK
r-devel-windows-x86_64 0.4.0 37.00 323.00 360.00 OK
r-devel-windows-x86_64-gcc10-UCRT 0.4.0 OK
r-patched-linux-x86_64 0.4.0 9.99 258.50 268.49 OK
r-release-linux-x86_64 0.4.0 10.16 260.14 270.30 OK
r-release-macos-arm64 0.4.0 WARN
r-release-macos-x86_64 0.4.0 OK
r-release-windows-ix86+x86_64 0.4.0 25.00 319.00 344.00 OK
r-oldrel-macos-x86_64 0.4.0 OK
r-oldrel-windows-ix86+x86_64 0.4.0 37.00 328.00 365.00 OK

Check Details

Version: 0.4.0
Check: re-building of vignette outputs
Result: WARN
    Error(s) in re-building vignettes:
    --- re-building ‘cba_macsplex_example.Rmd’ using rmarkdown
    Warning in engine$weave(file, quiet = quiet, encoding = enc) :
     Pandoc (>= 1.12.3) not available. Falling back to R Markdown v1.
    Quitting from lines 31-38 (cba_macsplex_example.Rmd)
    Error: processing vignette 'cba_macsplex_example.Rmd' failed with diagnostics:
    polygon edge not found
    --- failed re-building ‘cba_macsplex_example.Rmd’
    
    --- re-building ‘legendplex_analysis.Rmd’ using rmarkdown
    Warning in engine$weave(file, quiet = quiet, encoding = enc) :
     Pandoc (>= 1.12.3) not available. Falling back to R Markdown v1.
    
    Attaching package: 'dplyr'
    
    The following objects are masked from 'package:stats':
    
     filter, lag
    
    The following objects are masked from 'package:base':
    
     intersect, setdiff, setequal, union
    
    Quitting from lines 114-120 (legendplex_analysis.Rmd)
    Error: processing vignette 'legendplex_analysis.Rmd' failed with diagnostics:
    polygon edge not found
    --- failed re-building ‘legendplex_analysis.Rmd’
    
    --- re-building ‘preparing_flow_data.Rmd’ using rmarkdown
    Warning in engine$weave(file, quiet = quiet, encoding = enc) :
     Pandoc (>= 1.12.3) not available. Falling back to R Markdown v1.
    --- finished re-building ‘preparing_flow_data.Rmd’
    
    SUMMARY: processing the following files failed:
     ‘cba_macsplex_example.Rmd’ ‘legendplex_analysis.Rmd’
    
    Error: Vignette re-building failed.
    Execution halted
Flavor: r-release-macos-arm64