CRAN Package Check Results for Package bcp

Last updated on 2021-10-22 16:50:28 CEST.

Flavor Version Tinstall Tcheck Ttotal Status Flags
r-devel-linux-x86_64-debian-clang 4.0.3 98.44 40.33 138.77 OK
r-devel-linux-x86_64-debian-gcc 4.0.3 76.87 31.04 107.91 OK
r-devel-linux-x86_64-fedora-clang 4.0.3 225.63 NOTE
r-devel-linux-x86_64-fedora-gcc 4.0.3 199.44 OK
r-devel-windows-x86_64 4.0.3 133.00 76.00 209.00 OK
r-devel-windows-x86_64-gcc10-UCRT 4.0.3 NOTE
r-patched-linux-x86_64 4.0.3 91.73 39.89 131.62 OK
r-patched-solaris-x86 4.0.3 188.10 OK
r-release-linux-x86_64 4.0.3 88.71 39.33 128.04 OK
r-release-macos-arm64 4.0.3 NOTE
r-release-macos-x86_64 4.0.3 OK
r-release-windows-ix86+x86_64 4.0.3 189.00 93.00 282.00 OK
r-oldrel-macos-x86_64 4.0.3 NOTE
r-oldrel-windows-ix86+x86_64 4.0.3 260.00 96.00 356.00 OK

Check Details

Version: 4.0.3
Check: installed package size
Result: NOTE
     installed size is 5.4Mb
     sub-directories of 1Mb or more:
     libs 5.1Mb
Flavors: r-devel-linux-x86_64-fedora-clang, r-release-macos-arm64, r-oldrel-macos-x86_64

Version: 4.0.3
Check: package dependencies
Result: NOTE
    Package suggested but not available for checking: 'igraph'
Flavor: r-devel-windows-x86_64-gcc10-UCRT