CRAN Package Check Results for Package bcROCsurface

Last updated on 2021-12-09 11:51:23 CET.

Flavor Version Tinstall Tcheck Ttotal Status Flags
r-devel-linux-x86_64-debian-clang 1.0-5 43.54 97.49 141.03 NOTE
r-devel-linux-x86_64-debian-gcc 1.0-5 29.29 82.27 111.56 NOTE
r-devel-linux-x86_64-fedora-clang 1.0-5 181.55 NOTE
r-devel-linux-x86_64-fedora-gcc 1.0-5 164.93 NOTE
r-devel-windows-x86_64-new-UL 1.0-5 59.00 164.00 223.00 NOTE
r-devel-windows-x86_64-new-TK 1.0-5 NOTE
r-devel-windows-x86_64-old 1.0-5 56.00 127.00 183.00 NOTE
r-patched-linux-x86_64 1.0-5 36.77 95.79 132.56 NOTE
r-release-linux-x86_64 1.0-5 35.72 96.10 131.82 NOTE
r-release-macos-arm64 1.0-5 NOTE
r-release-macos-x86_64 1.0-5 NOTE
r-release-windows-ix86+x86_64 1.0-5 74.00 147.00 221.00 NOTE
r-oldrel-macos-x86_64 1.0-5 NOTE
r-oldrel-windows-ix86+x86_64 1.0-5 103.00 149.00 252.00 NOTE

Check Details

Version: 1.0-5
Check: package dependencies
Result: NOTE
    Package suggested but not available for checking: 'webshot2'
Flavors: r-devel-linux-x86_64-debian-clang, r-devel-linux-x86_64-debian-gcc, r-devel-linux-x86_64-fedora-clang, r-devel-linux-x86_64-fedora-gcc, r-devel-windows-x86_64-new-UL, r-devel-windows-x86_64-new-TK, r-devel-windows-x86_64-old, r-patched-linux-x86_64, r-release-linux-x86_64, r-release-macos-arm64, r-release-macos-x86_64, r-release-windows-ix86+x86_64, r-oldrel-macos-x86_64, r-oldrel-windows-ix86+x86_64