CRAN Package Check Results for Package bbl

Last updated on 2021-12-09 11:51:23 CET.

Flavor Version Tinstall Tcheck Ttotal Status Flags
r-devel-linux-x86_64-debian-clang 0.4.1 44.71 222.25 266.96 OK
r-devel-linux-x86_64-debian-gcc 0.4.1 29.09 181.08 210.17 OK
r-devel-linux-x86_64-fedora-clang 0.4.1 349.20 OK
r-devel-linux-x86_64-fedora-gcc 0.4.1 331.18 OK
r-devel-windows-x86_64-new-UL 0.4.1 65.00 472.00 537.00 OK
r-devel-windows-x86_64-new-TK 0.4.1 OK
r-devel-windows-x86_64-old 0.4.1 57.00 353.00 410.00 OK
r-patched-linux-x86_64 0.4.1 40.98 226.08 267.06 OK
r-release-linux-x86_64 0.4.1 37.92 220.98 258.90 OK
r-release-macos-arm64 0.4.1 NOTE
r-release-macos-x86_64 0.4.1 NOTE
r-release-windows-ix86+x86_64 0.4.1 84.00 376.00 460.00 NOTE
r-oldrel-macos-x86_64 0.4.1 NOTE
r-oldrel-windows-ix86+x86_64 0.4.1 108.00 379.00 487.00 NOTE

Check Details

Version: 0.4.1
Check: installed package size
Result: NOTE
     installed size is 6.7Mb
     sub-directories of 1Mb or more:
     extdata 2.3Mb
     libs 3.8Mb
Flavors: r-release-macos-arm64, r-release-macos-x86_64, r-release-windows-ix86+x86_64, r-oldrel-macos-x86_64, r-oldrel-windows-ix86+x86_64