CRAN Package Check Results for Package bayesvl

Last updated on 2022-10-05 00:04:24 CEST.

Flavor Version Tinstall Tcheck Ttotal Status Flags
r-devel-linux-x86_64-debian-clang 0.8.5 14.87 103.78 118.65 OK
r-devel-linux-x86_64-debian-gcc 0.8.5 12.04 75.65 87.69 OK
r-devel-linux-x86_64-fedora-clang 0.8.5 156.82 NOTE
r-devel-linux-x86_64-fedora-gcc 0.8.5 157.35 NOTE
r-devel-windows-x86_64 0.8.5 30.00 119.00 149.00 OK
r-patched-linux-x86_64 0.8.5 19.00 94.67 113.67 OK
r-release-linux-x86_64 0.8.5 13.00 95.10 108.10 OK
r-release-macos-arm64 0.8.5 40.00 NOTE
r-release-macos-x86_64 0.8.5 73.00 NOTE
r-release-windows-x86_64 0.8.5 41.00 119.00 160.00 OK
r-oldrel-macos-arm64 0.8.5 53.00 NOTE
r-oldrel-macos-x86_64 0.8.5 79.00 NOTE
r-oldrel-windows-ix86+x86_64 0.8.5 36.00 121.00 157.00 OK

Check Details

Version: 0.8.5
Check: dependencies in R code
Result: NOTE
    Namespace in Imports field not imported from: ‘dplyr’
     All declared Imports should be used.
Flavors: r-devel-linux-x86_64-fedora-clang, r-devel-linux-x86_64-fedora-gcc, r-release-macos-arm64, r-release-macos-x86_64, r-oldrel-macos-arm64, r-oldrel-macos-x86_64