CRAN Package Check Results for Package bayesvl

Last updated on 2021-09-28 04:54:50 CEST.

Flavor Version Tinstall Tcheck Ttotal Status Flags
r-devel-linux-x86_64-debian-clang 0.8.5 13.67 96.16 109.83 OK
r-devel-linux-x86_64-debian-gcc 0.8.5 11.70 72.14 83.84 OK
r-devel-linux-x86_64-fedora-clang 0.8.5 141.07 NOTE
r-devel-linux-x86_64-fedora-gcc 0.8.5 128.25 NOTE
r-devel-windows-x86_64 0.8.5 19.00 87.00 106.00 OK
r-devel-windows-x86_64-gcc10-UCRT 0.8.5 NOTE
r-patched-linux-x86_64 0.8.5 18.92 89.12 108.04 OK
r-patched-solaris-x86 0.8.5 202.80 NOTE
r-release-linux-x86_64 0.8.5 13.15 89.00 102.15 OK
r-release-macos-arm64 0.8.5 NOTE
r-release-macos-x86_64 0.8.5 NOTE
r-release-windows-ix86+x86_64 0.8.5 37.00 96.00 133.00 OK
r-oldrel-macos-x86_64 0.8.5 NOTE
r-oldrel-windows-ix86+x86_64 0.8.5 28.00 91.00 119.00 OK

Check Details

Version: 0.8.5
Check: dependencies in R code
Result: NOTE
    Namespace in Imports field not imported from: ‘dplyr’
     All declared Imports should be used.
Flavors: r-devel-linux-x86_64-fedora-clang, r-devel-linux-x86_64-fedora-gcc, r-devel-windows-x86_64-gcc10-UCRT, r-patched-solaris-x86, r-release-macos-arm64, r-release-macos-x86_64, r-oldrel-macos-x86_64