CRAN Package Check Results for Package bayesplot

Last updated on 2021-09-17 16:50:03 CEST.

Flavor Version Tinstall Tcheck Ttotal Status Flags
r-devel-linux-x86_64-debian-clang 1.8.1 13.03 343.41 356.44 OK
r-devel-linux-x86_64-debian-gcc 1.8.1 11.20 239.94 251.14 OK
r-devel-linux-x86_64-fedora-clang 1.8.1 405.05 NOTE
r-devel-linux-x86_64-fedora-gcc 1.8.1 394.73 OK
r-devel-windows-x86_64 1.8.1 14.00 334.00 348.00 NOTE
r-devel-windows-x86_64-gcc10-UCRT 1.8.1 OK
r-patched-linux-x86_64 1.8.1 17.54 317.41 334.95 OK
r-patched-solaris-x86 1.8.1 393.90 NOTE
r-release-linux-x86_64 1.8.1 11.43 316.10 327.53 OK
r-release-macos-arm64 1.8.1 NOTE
r-release-macos-x86_64 1.8.1 NOTE
r-release-windows-ix86+x86_64 1.8.1 25.00 328.00 353.00 NOTE
r-oldrel-macos-x86_64 1.8.1 NOTE
r-oldrel-windows-ix86+x86_64 1.8.1 30.00 388.00 418.00 NOTE

Check Details

Version: 1.8.1
Check: installed package size
Result: NOTE
     installed size is 5.4Mb
     sub-directories of 1Mb or more:
     R 1.8Mb
     doc 2.9Mb
Flavors: r-devel-linux-x86_64-fedora-clang, r-devel-windows-x86_64, r-patched-solaris-x86, r-release-macos-arm64, r-release-macos-x86_64, r-release-windows-ix86+x86_64, r-oldrel-macos-x86_64, r-oldrel-windows-ix86+x86_64