CRAN Package Check Results for Package bayesian

Last updated on 2021-10-21 04:58:23 CEST.

Flavor Version Tinstall Tcheck Ttotal Status Flags
r-devel-linux-x86_64-debian-clang 0.0.7 21.23 291.43 312.66 OK
r-devel-linux-x86_64-debian-gcc 0.0.7 16.96 227.17 244.13 OK
r-devel-linux-x86_64-fedora-clang 0.0.7 389.48 OK
r-devel-linux-x86_64-fedora-gcc 0.0.7 390.81 OK
r-devel-windows-x86_64 0.0.7 33.00 240.00 273.00 OK
r-devel-windows-x86_64-gcc10-UCRT 0.0.7 ERROR
r-patched-linux-x86_64 0.0.7 17.71 298.06 315.77 OK
r-patched-solaris-x86 0.0.7 388.50 OK
r-release-linux-x86_64 0.0.7 19.54 293.73 313.27 OK
r-release-macos-arm64 0.0.7 OK
r-release-macos-x86_64 0.0.7 OK
r-release-windows-ix86+x86_64 0.0.7 52.00 235.00 287.00 OK
r-oldrel-macos-x86_64 0.0.7 OK
r-oldrel-windows-ix86+x86_64 0.0.7 55.00 244.00 299.00 OK

Check Details

Version: 0.0.7
Check: package dependencies
Result: ERROR
    Package required but not available: 'brms'
    
    See section 'The DESCRIPTION file' in the 'Writing R Extensions'
    manual.
Flavor: r-devel-windows-x86_64-gcc10-UCRT