CRAN Package Check Results for Package bayesZIB

Last updated on 2021-11-29 23:50:31 CET.

Flavor Version Tinstall Tcheck Ttotal Status Flags
r-devel-linux-x86_64-debian-clang 0.0.2 116.10 82.94 199.04 NOTE
r-devel-linux-x86_64-debian-gcc 0.0.2 104.93 67.18 172.11 NOTE
r-devel-linux-x86_64-fedora-clang 0.0.2 313.58 NOTE
r-devel-linux-x86_64-fedora-gcc 0.0.2 295.46 NOTE
r-devel-windows-x86_64-new-UL 0.0.2 164.00 187.00 351.00 NOTE
r-devel-windows-x86_64-new-TK 0.0.2 WARN
r-devel-windows-x86_64-old 0.0.2 161.00 113.00 274.00 NOTE
r-patched-linux-x86_64 0.0.2 111.25 81.88 193.13 NOTE
r-patched-solaris-x86 0.0.2 346.90 NOTE
r-release-linux-x86_64 0.0.2 112.76 81.29 194.05 NOTE
r-release-macos-arm64 0.0.2 NOTE
r-release-macos-x86_64 0.0.2 NOTE
r-release-windows-ix86+x86_64 0.0.2 285.00 132.00 417.00 NOTE
r-oldrel-macos-x86_64 0.0.2 NOTE
r-oldrel-windows-ix86+x86_64 0.0.2 218.00 138.00 356.00 NOTE

Check Details

Version: 0.0.2
Check: for GNU extensions in Makefiles
Result: NOTE
    GNU make is a SystemRequirements.
Flavors: r-devel-linux-x86_64-debian-clang, r-devel-linux-x86_64-debian-gcc, r-devel-linux-x86_64-fedora-clang, r-devel-linux-x86_64-fedora-gcc, r-devel-windows-x86_64-new-UL, r-devel-windows-x86_64-new-TK, r-devel-windows-x86_64-old, r-patched-linux-x86_64, r-patched-solaris-x86, r-release-linux-x86_64, r-release-macos-arm64, r-release-macos-x86_64, r-release-windows-ix86+x86_64, r-oldrel-macos-x86_64, r-oldrel-windows-ix86+x86_64

Version: 0.0.2
Check: installed package size
Result: NOTE
     installed size is 24.1Mb
     sub-directories of 1Mb or more:
     libs 23.9Mb
Flavors: r-devel-linux-x86_64-fedora-clang, r-release-macos-arm64, r-release-macos-x86_64, r-oldrel-macos-x86_64

Version: 0.0.2
Check: dependencies in R code
Result: NOTE
    Namespace in Imports field not imported from: ‘ggplot2’
     All declared Imports should be used.
Flavors: r-devel-linux-x86_64-fedora-clang, r-devel-linux-x86_64-fedora-gcc, r-devel-windows-x86_64-new-TK, r-patched-solaris-x86, r-release-macos-arm64, r-release-macos-x86_64, r-oldrel-macos-x86_64

Version: 0.0.2
Check: line endings in C/C++/Fortran sources/headers
Result: NOTE
    Found the following sources/headers with CR or CRLF line endings:
     src/RcppExports.cpp
     src/stanExports_model.cc
     src/stanExports_model.h
    Some Unix compilers require LF line endings.
Flavor: r-devel-windows-x86_64-new-TK

Version: 0.0.2
Check: line endings in Makefiles
Result: WARN
    Found the following Makefile(s) with CR or CRLF line endings:
     src/Makevars
    Some Unix 'make' programs require LF line endings.
Flavor: r-devel-windows-x86_64-new-TK