CRAN Package Check Results for Package bayesTFR

Last updated on 2022-07-06 17:48:59 CEST.

Flavor Version Tinstall Tcheck Ttotal Status Flags
r-devel-linux-x86_64-debian-clang 7.1-1 14.61 121.95 136.56 OK
r-devel-linux-x86_64-debian-gcc 7.1-1 16.45 88.30 104.75 OK
r-devel-linux-x86_64-fedora-clang 7.1-1 174.48 NOTE
r-devel-linux-x86_64-fedora-gcc 7.1-1 172.31 OK
r-devel-windows-x86_64 7.1-1 1107.00 174.00 1281.00 OK
r-patched-linux-x86_64 7.1-1 18.99 113.16 132.15 OK
r-release-linux-x86_64 7.1-1 19.54 113.42 132.96 OK
r-release-macos-arm64 7.1-1 45.00 NOTE
r-release-macos-x86_64 7.1-1 62.00 NOTE
r-release-windows-x86_64 7.1-1 813.00 171.00 984.00 OK
r-oldrel-macos-arm64 7.1-1 45.00 NOTE
r-oldrel-macos-x86_64 7.1-1 67.00 NOTE
r-oldrel-windows-ix86+x86_64 7.1-1 37.00 170.00 207.00 OK

Check Details

Version: 7.1-1
Check: installed package size
Result: NOTE
     installed size is 5.8Mb
     sub-directories of 1Mb or more:
     ex-data 4.7Mb
Flavors: r-devel-linux-x86_64-fedora-clang, r-release-macos-arm64, r-release-macos-x86_64, r-oldrel-macos-arm64, r-oldrel-macos-x86_64