CRAN Package Check Results for Package bayesDP

Last updated on 2021-05-10 05:47:34 CEST.

Flavor Version Tinstall Tcheck Ttotal Status Flags
r-devel-linux-x86_64-debian-clang 1.3.4 56.54 156.17 212.71 OK
r-devel-linux-x86_64-debian-gcc 1.3.4 39.73 117.15 156.88 OK
r-devel-linux-x86_64-fedora-clang 1.3.4 273.95 OK
r-devel-linux-x86_64-fedora-gcc 1.3.4 262.42 OK
r-devel-windows-ix86+x86_64 1.3.4 108.00 231.00 339.00 NOTE
r-devel-windows-x86_64-gcc10-UCRT 1.3.4 OK
r-patched-linux-x86_64 1.3.4 51.17 144.81 195.98 OK
r-patched-solaris-x86 1.3.4 316.90 OK
r-release-linux-x86_64 1.3.4 47.66 141.20 188.86 OK
r-release-macos-x86_64 1.3.4 NOTE
r-release-windows-ix86+x86_64 1.3.4 106.00 178.00 284.00 NOTE
r-oldrel-macos-x86_64 1.3.4 NOTE
r-oldrel-windows-ix86+x86_64 1.3.4 125.00 210.00 335.00 OK

Check Details

Version: 1.3.4
Check: installed package size
Result: NOTE
     installed size is 5.1Mb
     sub-directories of 1Mb or more:
     doc 2.2Mb
     libs 2.2Mb
Flavors: r-devel-windows-ix86+x86_64, r-release-macos-x86_64, r-release-windows-ix86+x86_64, r-oldrel-macos-x86_64