CRAN Package Check Results for Package bayesDP

Last updated on 2022-01-27 00:50:14 CET.

Flavor Version Tinstall Tcheck Ttotal Status Flags
r-devel-linux-x86_64-debian-clang 1.3.5 62.30 194.94 257.24 OK
r-devel-linux-x86_64-debian-gcc 1.3.5 45.18 144.09 189.27 OK
r-devel-linux-x86_64-fedora-clang 1.3.5 320.26 OK
r-devel-linux-x86_64-fedora-gcc 1.3.5 308.56 OK
r-devel-windows-x86_64-new-UL 1.3.5 87.00 256.00 343.00 OK
r-devel-windows-x86_64-new-TK 1.3.5 OK
r-patched-linux-x86_64 1.3.5 55.12 192.28 247.40 OK
r-release-linux-x86_64 1.3.5 52.27 187.63 239.90 OK
r-release-macos-arm64 1.3.5 NOTE
r-release-macos-x86_64 1.3.5 NOTE
r-release-windows-ix86+x86_64 1.3.5 152.00 286.00 438.00 NOTE
r-oldrel-macos-x86_64 1.3.5 NOTE
r-oldrel-windows-ix86+x86_64 1.3.5 151.00 292.00 443.00 NOTE

Check Details

Version: 1.3.5
Check: installed package size
Result: NOTE
     installed size is 5.8Mb
     sub-directories of 1Mb or more:
     doc 2.2Mb
     libs 2.9Mb
Flavors: r-release-macos-arm64, r-release-macos-x86_64, r-release-windows-ix86+x86_64, r-oldrel-macos-x86_64, r-oldrel-windows-ix86+x86_64