CRAN Package Check Results for Package batchmix

Last updated on 2022-10-02 11:54:08 CEST.

Flavor Version Tinstall Tcheck Ttotal Status Flags
r-devel-linux-x86_64-debian-clang 1.0.1 285.09 421.02 706.11 OK
r-devel-linux-x86_64-debian-gcc 1.0.1 225.03 169.29 394.32 OK
r-devel-linux-x86_64-fedora-clang 1.0.1 832.33 OK
r-devel-linux-x86_64-fedora-gcc 1.0.1 681.04 OK
r-devel-windows-x86_64 1.0.1 227.00 292.00 519.00 OK
r-patched-linux-x86_64 1.0.1 249.18 219.69 468.87 OK
r-release-linux-x86_64 1.0.1 243.27 222.16 465.43 OK
r-release-macos-arm64 1.0.1 154.00 NOTE
r-release-macos-x86_64 1.0.1 198.00 NOTE
r-release-windows-x86_64 1.0.1 223.00 285.00 508.00 OK
r-oldrel-macos-arm64 1.0.1 140.00 NOTE
r-oldrel-macos-x86_64 1.0.1 200.00 NOTE
r-oldrel-windows-ix86+x86_64 1.0.1 694.00 202.00 896.00 OK

Check Details

Version: 1.0.1
Check: installed package size
Result: NOTE
     installed size is 13.1Mb
     sub-directories of 1Mb or more:
     libs 12.6Mb
Flavors: r-release-macos-arm64, r-release-macos-x86_64, r-oldrel-macos-arm64, r-oldrel-macos-x86_64