CRAN Package Check Results for Package base64enc

Last updated on 2022-08-15 09:49:25 CEST.

Flavor Version Tinstall Tcheck Ttotal Status Flags
r-devel-linux-x86_64-debian-clang 0.1-3 2.53 20.35 22.88 OK
r-devel-linux-x86_64-debian-gcc 0.1-3 1.62 16.15 17.77 OK
r-devel-linux-x86_64-fedora-clang 0.1-3 40.28 NOTE
r-devel-linux-x86_64-fedora-gcc 0.1-3 38.84 NOTE
r-devel-windows-x86_64 0.1-3 27.00 47.00 74.00 OK
r-patched-linux-x86_64 0.1-3 2.20 20.34 22.54 OK
r-release-linux-x86_64 0.1-3 1.94 20.17 22.11 OK
r-release-macos-arm64 0.1-3 24.00 OK
r-release-macos-x86_64 0.1-3 23.00 OK
r-release-windows-x86_64 0.1-3 9.00 46.00 55.00 OK
r-oldrel-macos-arm64 0.1-3 32.00 OK
r-oldrel-macos-x86_64 0.1-3 27.00 OK
r-oldrel-windows-ix86+x86_64 0.1-3 10.00 42.00 52.00 OK

Check Details

Version: 0.1-3
Check: compiled code
Result: NOTE
    File ‘base64enc/libs/base64enc.so’:
     Found no calls to: ‘R_registerRoutines’, ‘R_useDynamicSymbols’
    
    It is good practice to register native routines and to disable symbol
    search.
    
    See ‘Writing portable packages’ in the ‘Writing R Extensions’ manual.
Flavors: r-devel-linux-x86_64-fedora-clang, r-devel-linux-x86_64-fedora-gcc