Last updated on 2023-02-04 17:52:21 CET.
Flavor | Version | Tinstall | Tcheck | Ttotal | Status | Flags |
---|---|---|---|---|---|---|
r-devel-linux-x86_64-debian-clang | 1.3.0 | 2.21 | 25.38 | 27.59 | NOTE | |
r-devel-linux-x86_64-debian-gcc | 1.3.0 | 1.48 | 20.47 | 21.95 | NOTE | |
r-devel-linux-x86_64-fedora-clang | 1.3.0 | 38.44 | NOTE | |||
r-devel-linux-x86_64-fedora-gcc | 1.3.0 | 37.53 | NOTE | |||
r-devel-windows-x86_64 | 1.3.0 | 17.00 | 53.00 | 70.00 | NOTE | |
r-patched-linux-x86_64 | 1.3.0 | 2.59 | 26.75 | 29.34 | OK | |
r-release-linux-x86_64 | 1.3.0 | 2.20 | 26.67 | 28.87 | OK | |
r-release-macos-arm64 | 1.3.0 | 17.00 | OK | |||
r-release-macos-x86_64 | 1.3.0 | 25.00 | OK | |||
r-release-windows-x86_64 | 1.3.0 | 8.00 | 56.00 | 64.00 | OK | |
r-oldrel-macos-arm64 | 1.3.0 | 14.00 | OK | |||
r-oldrel-macos-x86_64 | 1.3.0 | 23.00 | OK | |||
r-oldrel-windows-ix86+x86_64 | 1.3.0 | 7.00 | 49.00 | 56.00 | OK |
Version: 1.3.0
Check: Rd files
Result: NOTE
checkRd: (-1) barcode.Rd:52: Escaped LaTeX specials: \&
Flavors: r-devel-linux-x86_64-debian-clang, r-devel-linux-x86_64-debian-gcc, r-devel-linux-x86_64-fedora-clang, r-devel-linux-x86_64-fedora-gcc, r-devel-windows-x86_64
Version: 1.3.0
Check: Rd cross-references
Result: NOTE
Undeclared package ‘YaleToolkit’ in Rd xrefs
Flavor: r-devel-linux-x86_64-fedora-clang