Last updated on 2023-12-07 02:51:07 CET.
Flavor | Version | Tinstall | Tcheck | Ttotal | Status | Flags |
---|---|---|---|---|---|---|
r-devel-linux-x86_64-debian-clang | 1.3.0 | 2.27 | 24.92 | 27.19 | NOTE | |
r-devel-linux-x86_64-debian-gcc | 1.3.0 | 2.04 | 19.90 | 21.94 | NOTE | |
r-devel-linux-x86_64-fedora-clang | 1.3.0 | 37.45 | NOTE | |||
r-devel-linux-x86_64-fedora-gcc | 1.3.0 | 33.69 | NOTE | |||
r-devel-windows-x86_64 | 1.3.0 | 3.00 | 43.00 | 46.00 | NOTE | |
r-patched-linux-x86_64 | 1.3.0 | 2.02 | 25.00 | 27.02 | NOTE | |
r-release-linux-x86_64 | 1.3.0 | 2.12 | 25.10 | 27.22 | NOTE | |
r-release-macos-arm64 | 1.3.0 | 16.00 | NOTE | |||
r-release-macos-x86_64 | 1.3.0 | 23.00 | NOTE | |||
r-release-windows-x86_64 | 1.3.0 | 3.00 | 42.00 | 45.00 | NOTE | |
r-oldrel-macos-arm64 | 1.3.0 | 18.00 | OK | |||
r-oldrel-macos-x86_64 | 1.3.0 | 25.00 | OK | |||
r-oldrel-windows-x86_64 | 1.3.0 | 5.00 | 46.00 | 51.00 | OK |
Version: 1.3.0
Check: Rd files
Result: NOTE
checkRd: (-1) barcode.Rd:52: Escaped LaTeX specials: \&
Flavors: r-devel-linux-x86_64-debian-clang, r-devel-linux-x86_64-debian-gcc, r-devel-linux-x86_64-fedora-clang, r-devel-linux-x86_64-fedora-gcc, r-devel-windows-x86_64, r-patched-linux-x86_64, r-release-linux-x86_64, r-release-macos-arm64, r-release-macos-x86_64, r-release-windows-x86_64
Version: 1.3.0
Check: Rd cross-references
Result: NOTE
Undeclared package ‘YaleToolkit’ in Rd xrefs
Flavor: r-devel-linux-x86_64-fedora-clang