CRAN Package Check Results for Package bapred

Last updated on 2023-02-04 04:53:43 CET.

Flavor Version Tinstall Tcheck Ttotal Status Flags
r-devel-linux-x86_64-debian-clang 1.1 36.16 332.08 368.24 OK
r-devel-linux-x86_64-debian-gcc 1.1 32.49 247.99 280.48 OK
r-devel-linux-x86_64-fedora-clang 1.1 475.91 NOTE
r-devel-linux-x86_64-fedora-gcc 1.1 487.44 NOTE
r-devel-windows-x86_64 1.1 55.00 360.00 415.00 OK
r-patched-linux-x86_64 1.1 33.37 324.74 358.11 OK
r-release-linux-x86_64 1.1 29.52 327.15 356.67 OK
r-release-macos-arm64 1.1 120.00 NOTE
r-release-macos-x86_64 1.1 157.00 NOTE
r-release-windows-x86_64 1.1 59.00 376.00 435.00 OK
r-oldrel-macos-arm64 1.1 100.00 NOTE
r-oldrel-macos-x86_64 1.1 16.00 ERROR
r-oldrel-windows-ix86+x86_64 1.1 76.00 364.00 440.00 OK

Check Details

Version: 1.1
Check: package dependencies
Result: NOTE
    Package suggested but not available for checking: ‘ArrayExpress’
Flavors: r-devel-linux-x86_64-fedora-clang, r-devel-linux-x86_64-fedora-gcc, r-release-macos-arm64, r-release-macos-x86_64, r-oldrel-macos-arm64, r-oldrel-macos-x86_64

Version: 1.1
Check: whether package can be installed
Result: ERROR
    Installation failed.
Flavor: r-oldrel-macos-x86_64