CRAN Package Check Results for Package banxicoR

Last updated on 2021-07-26 19:49:08 CEST.

Flavor Version Tinstall Tcheck Ttotal Status Flags
r-devel-linux-x86_64-debian-clang 0.9.0 2.52 26.92 29.44 OK
r-devel-linux-x86_64-debian-gcc 0.9.0 1.98 21.41 23.39 OK
r-devel-linux-x86_64-fedora-clang 0.9.0 45.37 NOTE
r-devel-linux-x86_64-fedora-gcc 0.9.0 33.80 NOTE
r-devel-windows-x86_64 0.9.0 5.00 41.00 46.00 OK
r-devel-windows-x86_64-gcc10-UCRT 0.9.0 NOTE
r-patched-linux-x86_64 0.9.0 2.26 25.97 28.23 OK
r-patched-solaris-x86 0.9.0 58.70 NOTE
r-release-linux-x86_64 0.9.0 2.27 26.02 28.29 OK
r-release-macos-arm64 0.9.0 NOTE
r-release-macos-x86_64 0.9.0 NOTE
r-release-windows-ix86+x86_64 0.9.0 6.00 38.00 44.00 OK
r-oldrel-macos-x86_64 0.9.0 NOTE
r-oldrel-windows-ix86+x86_64 0.9.0 5.00 42.00 47.00 OK

Check Details

Version: 0.9.0
Check: data for non-ASCII characters
Result: NOTE
     Note: found 148 marked UTF-8 strings
Flavors: r-devel-linux-x86_64-fedora-clang, r-devel-linux-x86_64-fedora-gcc, r-devel-windows-x86_64-gcc10-UCRT, r-patched-solaris-x86, r-release-macos-arm64, r-release-macos-x86_64, r-oldrel-macos-x86_64