CRAN Package Check Results for Package bandit

Last updated on 2021-12-07 23:54:21 CET.

Flavor Version Tinstall Tcheck Ttotal Status Flags
r-devel-linux-x86_64-debian-clang 0.5.0 2.42 31.12 33.54 NOTE
r-devel-linux-x86_64-debian-gcc 0.5.0 1.60 24.45 26.05 NOTE
r-devel-linux-x86_64-fedora-clang 0.5.0 41.86 NOTE
r-devel-linux-x86_64-fedora-gcc 0.5.0 31.04 NOTE
r-devel-windows-x86_64-new-UL 0.5.0 7.00 58.00 65.00 NOTE
r-devel-windows-x86_64-new-TK 0.5.0 NOTE
r-devel-windows-x86_64-old 0.5.0 4.00 44.00 48.00 NOTE
r-patched-linux-x86_64 0.5.0 2.40 29.90 32.30 NOTE
r-release-linux-x86_64 0.5.0 2.42 29.33 31.75 NOTE
r-release-macos-arm64 0.5.0 NOTE
r-release-macos-x86_64 0.5.0 NOTE
r-release-windows-ix86+x86_64 0.5.0 3.00 42.00 45.00 NOTE
r-oldrel-macos-x86_64 0.5.0 NOTE
r-oldrel-windows-ix86+x86_64 0.5.0 5.00 44.00 49.00 NOTE

Check Details

Version: 0.5.0
Check: R code for possible problems
Result: NOTE
    best_binomial_bandit : f: no visible global function definition for
     'dbeta'
    best_binomial_bandit : f: no visible global function definition for
     'pbeta'
    best_binomial_bandit: no visible global function definition for
     'integrate'
    best_poisson_bandit : f: no visible global function definition for
     'dgamma'
    best_poisson_bandit : f: no visible global function definition for
     'pgamma'
    best_poisson_bandit: no visible global function definition for
     'integrate'
    deseasonalized_trend: no visible global function definition for
     'predict'
    distribution_estimate: no visible global function definition for
     'quantile'
    distribution_estimate: no visible global function definition for
     'qbeta'
    significance_analysis: no visible global function definition for
     'prop.test'
    sim_post: no visible global function definition for 'rbeta'
    summarize_metrics: no visible global function definition for 'median'
    summarize_metrics: no visible global function definition for
     'prop.test'
    Undefined global functions or variables:
     dbeta dgamma integrate median pbeta pgamma predict prop.test qbeta
     quantile rbeta
    Consider adding
     importFrom("stats", "dbeta", "dgamma", "integrate", "median", "pbeta",
     "pgamma", "predict", "prop.test", "qbeta", "quantile",
     "rbeta")
    to your NAMESPACE file.
Flavors: r-devel-linux-x86_64-debian-clang, r-devel-linux-x86_64-debian-gcc, r-devel-linux-x86_64-fedora-clang, r-devel-linux-x86_64-fedora-gcc, r-devel-windows-x86_64-new-UL, r-devel-windows-x86_64-new-TK, r-devel-windows-x86_64-old, r-patched-linux-x86_64, r-release-linux-x86_64, r-release-macos-arm64, r-release-macos-x86_64, r-release-windows-ix86+x86_64, r-oldrel-macos-x86_64, r-oldrel-windows-ix86+x86_64