CRAN Package Check Results for Package bamlss

Last updated on 2021-08-03 19:51:55 CEST.

Flavor Version Tinstall Tcheck Ttotal Status Flags
r-devel-linux-x86_64-debian-clang 1.1-4 76.13 400.81 476.94 OK
r-devel-linux-x86_64-debian-gcc 1.1-4 65.17 286.09 351.26 OK
r-devel-linux-x86_64-fedora-clang 1.1-4 596.14 NOTE
r-devel-linux-x86_64-fedora-gcc 1.1-4 570.78 OK
r-devel-windows-x86_64 1.1-4 73.00 434.00 507.00 NOTE
r-devel-windows-x86_64-gcc10-UCRT 1.1-4 OK
r-patched-linux-x86_64 1.1-4 71.00 379.26 450.26 OK
r-patched-solaris-x86 1.1-4 640.20 NOTE
r-release-linux-x86_64 1.1-4 64.20 381.73 445.93 OK
r-release-macos-arm64 1.1-4 NOTE
r-release-macos-x86_64 1.1-4 NOTE
r-release-windows-ix86+x86_64 1.1-4 128.00 484.00 612.00 NOTE
r-oldrel-macos-x86_64 1.1-4 NOTE
r-oldrel-windows-ix86+x86_64 1.1-4 92.00 484.00 576.00 NOTE

Check Details

Version: 1.1-4
Check: installed package size
Result: NOTE
     installed size is 6.0Mb
     sub-directories of 1Mb or more:
     R 2.4Mb
     doc 1.8Mb
Flavors: r-devel-linux-x86_64-fedora-clang, r-devel-windows-x86_64, r-patched-solaris-x86, r-release-macos-arm64, r-release-macos-x86_64, r-release-windows-ix86+x86_64, r-oldrel-macos-x86_64, r-oldrel-windows-ix86+x86_64

Version: 1.1-4
Check: package dependencies
Result: NOTE
    Package suggested but not available for checking: ‘rjags’
Flavor: r-release-macos-arm64

Version: 1.1-4
Check: Rd cross-references
Result: NOTE
    Package unavailable to check Rd xrefs: ‘rjags’
Flavor: r-release-macos-arm64