CRAN Package Check Results for Package bahc

Last updated on 2023-02-04 17:52:21 CET.

Flavor Version Tinstall Tcheck Ttotal Status Flags
r-devel-linux-x86_64-debian-clang 0.3.0 2.06 23.35 25.41 NOTE
r-devel-linux-x86_64-debian-gcc 0.3.0 1.50 18.40 19.90 NOTE
r-devel-linux-x86_64-fedora-clang 0.3.0 32.75 NOTE
r-devel-linux-x86_64-fedora-gcc 0.3.0 31.48 NOTE
r-devel-windows-x86_64 0.3.0 11.00 55.00 66.00 NOTE
r-patched-linux-x86_64 0.3.0 2.20 23.58 25.78 NOTE
r-release-linux-x86_64 0.3.0 1.80 22.58 24.38 NOTE
r-release-macos-arm64 0.3.0 17.00 NOTE
r-release-macos-x86_64 0.3.0 21.00 NOTE
r-release-windows-x86_64 0.3.0 7.00 57.00 64.00 NOTE
r-oldrel-macos-arm64 0.3.0 21.00 NOTE
r-oldrel-macos-x86_64 0.3.0 27.00 NOTE
r-oldrel-windows-ix86+x86_64 0.3.0 5.00 51.00 56.00 NOTE

Check Details

Version: 0.3.0
Check: LazyData
Result: NOTE
     'LazyData' is specified without a 'data' directory
Flavors: r-devel-linux-x86_64-debian-clang, r-devel-linux-x86_64-debian-gcc, r-devel-linux-x86_64-fedora-clang, r-devel-linux-x86_64-fedora-gcc, r-devel-windows-x86_64, r-patched-linux-x86_64, r-release-linux-x86_64, r-release-macos-arm64, r-release-macos-x86_64, r-release-windows-x86_64, r-oldrel-macos-arm64, r-oldrel-macos-x86_64, r-oldrel-windows-ix86+x86_64