CRAN Package Check Results for Package baggr

Last updated on 2022-01-23 00:57:05 CET.

Flavor Version Tinstall Tcheck Ttotal Status Flags
r-devel-linux-x86_64-debian-clang 0.6.18 596.99 445.46 1042.45 NOTE
r-devel-linux-x86_64-debian-gcc 0.6.18 488.35 374.02 862.37 NOTE
r-devel-linux-x86_64-fedora-clang 0.6.18 1426.47 NOTE
r-devel-linux-x86_64-fedora-gcc 0.6.18 1548.03 NOTE
r-devel-windows-x86_64-new-UL 0.6.18 401.00 640.00 1041.00 NOTE
r-devel-windows-x86_64-new-TK 0.6.18 NOTE
r-patched-linux-x86_64 0.6.18 547.48 481.79 1029.27 NOTE
r-release-linux-x86_64 0.6.18 0.02 12.43 12.45 ERROR
r-release-macos-arm64 0.6.18 NOTE
r-release-macos-x86_64 0.6.18 NOTE
r-release-windows-ix86+x86_64 0.6.18 201.00 9.00 210.00 ERROR
r-oldrel-macos-x86_64 0.6.9 NOTE
r-oldrel-windows-ix86+x86_64 0.6.18 253.00 9.00 262.00 ERROR

Check Details

Version: 0.6.18
Check: for GNU extensions in Makefiles
Result: NOTE
    GNU make is a SystemRequirements.
Flavors: r-devel-linux-x86_64-debian-clang, r-devel-linux-x86_64-debian-gcc, r-devel-linux-x86_64-fedora-clang, r-devel-linux-x86_64-fedora-gcc, r-devel-windows-x86_64-new-UL, r-devel-windows-x86_64-new-TK, r-patched-linux-x86_64, r-release-macos-arm64, r-release-macos-x86_64

Version: 0.6.18
Check: installed package size
Result: NOTE
     installed size is 78.5Mb
     sub-directories of 1Mb or more:
     libs 76.8Mb
Flavors: r-devel-linux-x86_64-fedora-clang, r-devel-windows-x86_64-new-UL, r-release-macos-arm64, r-release-macos-x86_64

Version: 0.6.18
Check: whether package can be installed
Result: ERROR
    Installation failed.
Flavors: r-release-linux-x86_64, r-release-windows-ix86+x86_64, r-oldrel-windows-ix86+x86_64

Version: 0.6.9
Check: installed package size
Result: NOTE
     installed size is 74.2Mb
     sub-directories of 1Mb or more:
     libs 72.6Mb
Flavor: r-oldrel-macos-x86_64

Version: 0.6.9
Check: for GNU extensions in Makefiles
Result: NOTE
    GNU make is a SystemRequirements.
Flavor: r-oldrel-macos-x86_64