CRAN Package Check Results for Package baggingbwsel

Last updated on 2021-12-09 11:51:22 CET.

Flavor Version Tinstall Tcheck Ttotal Status Flags
r-devel-linux-x86_64-debian-clang 1.0 22.71 60.43 83.14 OK
r-devel-linux-x86_64-debian-gcc 1.0 18.05 46.30 64.35 OK
r-devel-linux-x86_64-fedora-clang 1.0 112.11 NOTE
r-devel-linux-x86_64-fedora-gcc 1.0 94.98 NOTE
r-devel-windows-x86_64-new-UL 1.0 39.00 135.00 174.00 OK
r-devel-windows-x86_64-new-TK 1.0 NOTE
r-devel-windows-x86_64-old 1.0 34.00 96.00 130.00 OK
r-patched-linux-x86_64 1.0 22.66 59.50 82.16 OK
r-release-linux-x86_64 1.0 19.71 58.92 78.63 OK
r-release-macos-arm64 1.0 NOTE
r-release-macos-x86_64 1.0 NOTE
r-release-windows-ix86+x86_64 1.0 39.00 128.00 167.00 OK
r-oldrel-macos-x86_64 1.0 NOTE
r-oldrel-windows-ix86+x86_64 1.0 55.00 132.00 187.00 OK

Check Details

Version: 1.0
Check: dependencies in R code
Result: NOTE
    Namespace in Imports field not imported from: ‘tkrplot’
     All declared Imports should be used.
Flavors: r-devel-linux-x86_64-fedora-clang, r-devel-linux-x86_64-fedora-gcc, r-devel-windows-x86_64-new-TK, r-release-macos-arm64, r-release-macos-x86_64, r-oldrel-macos-x86_64